Last updated on 2023-03-30 09:55:14 CEST.
Flavor | Version | Tinstall | Tcheck | Ttotal | Status | Flags |
---|---|---|---|---|---|---|
r-devel-linux-x86_64-debian-clang | 0.3.26 | 7.10 | 220.83 | 227.93 | OK | |
r-devel-linux-x86_64-debian-gcc | 0.3.26 | 5.49 | 164.12 | 169.61 | OK | |
r-devel-linux-x86_64-fedora-clang | 0.3.26 | 272.93 | OK | |||
r-devel-linux-x86_64-fedora-gcc | 0.3.26 | 301.84 | OK | |||
r-devel-windows-x86_64 | 0.3.26 | 39.00 | 0.00 | 39.00 | WARN | |
r-patched-linux-x86_64 | 0.3.26 | 6.01 | 212.50 | 218.51 | OK | |
r-release-linux-x86_64 | 0.3.26 | 5.59 | 207.90 | 213.49 | OK | |
r-release-macos-arm64 | 0.3.26 | 70.00 | OK | |||
r-release-macos-x86_64 | 0.3.26 | 99.00 | OK | |||
r-release-windows-x86_64 | 0.3.26 | 36.00 | 275.00 | 311.00 | OK | |
r-oldrel-macos-arm64 | 0.3.26 | 85.00 | OK | |||
r-oldrel-macos-x86_64 | 0.3.26 | 151.00 | OK | |||
r-oldrel-windows-ix86+x86_64 | 0.3.26 | 11.00 | 264.00 | 275.00 | OK |
Version: 0.3.26
Check: package dependencies
Result: NOTE
Files named as vignettes but with no recognized vignette engine:
'inst/doc/TechnicalDetails.Rnw'
(Is a VignetteBuilder field missing?)
Flavor: r-devel-windows-x86_64
Version: 0.3.26
Check: package subdirectories
Result: WARN
Error: file 'D:/RCompile/CRANpkg/sources/4.3/margins/DESCRIPTION' is not in valid DCF format
Execution halted
Please remove or rename the files.
See section 'Package subdirectories' in the 'Writing R Extensions'
manual.
Flavor: r-devel-windows-x86_64