CRAN Package Check Results for Package maps

Last updated on 2021-11-30 10:51:11 CET.

Flavor Version Tinstall Tcheck Ttotal Status Flags
r-devel-linux-x86_64-debian-clang 3.4.0 8.82 37.47 46.29 OK
r-devel-linux-x86_64-debian-gcc 3.4.0 6.19 28.95 35.14 OK
r-devel-linux-x86_64-fedora-clang 3.4.0 67.18 NOTE
r-devel-linux-x86_64-fedora-gcc 3.4.0 55.83 OK
r-devel-windows-x86_64-new-UL 3.4.0 38.00 76.00 114.00 OK
r-devel-windows-x86_64-new-TK 3.4.0 OK
r-devel-windows-x86_64-old 3.4.0 21.00 44.00 65.00 OK
r-patched-linux-x86_64 3.4.0 8.40 35.48 43.88 OK
r-patched-solaris-x86 3.4.0 81.00 OK
r-release-linux-x86_64 3.4.0 7.65 35.77 43.42 OK
r-release-macos-arm64 3.4.0 OK
r-release-macos-x86_64 3.4.0 OK
r-release-windows-ix86+x86_64 3.4.0 31.00 52.00 83.00 OK
r-oldrel-macos-x86_64 3.4.0 OK
r-oldrel-windows-ix86+x86_64 3.4.0 26.00 58.00 84.00 OK

Check Details

Version: 3.4.0
Check: Rd cross-references
Result: NOTE
    Undeclared package ‘rgdal’ in Rd xrefs
Flavor: r-devel-linux-x86_64-fedora-clang