CRAN Package Check Results for Package mapdata

Last updated on 2021-12-01 09:54:33 CET.

Flavor Version Tinstall Tcheck Ttotal Status Flags
r-devel-linux-x86_64-debian-clang 2.3.0 14.34 23.23 37.57 OK
r-devel-linux-x86_64-debian-gcc 2.3.0 12.17 19.52 31.69 OK
r-devel-linux-x86_64-fedora-clang 2.3.0 59.03 NOTE
r-devel-linux-x86_64-fedora-gcc 2.3.0 48.24 OK
r-devel-windows-x86_64-new-UL 2.3.0 73.00 58.00 131.00 NOTE
r-devel-windows-x86_64-new-TK 2.3.0 OK
r-devel-windows-x86_64-old 2.3.0 73.00 29.00 102.00 NOTE
r-patched-linux-x86_64 2.3.0 15.23 22.08 37.31 OK
r-patched-solaris-x86 2.3.0 73.10 NOTE
r-release-linux-x86_64 2.3.0 16.21 22.24 38.45 OK
r-release-macos-arm64 2.3.0 NOTE
r-release-macos-x86_64 2.3.0 NOTE
r-release-windows-ix86+x86_64 2.3.0 71.00 29.00 100.00 NOTE
r-oldrel-macos-x86_64 2.3.0 NOTE
r-oldrel-windows-ix86+x86_64 2.3.0 52.00 39.00 91.00 NOTE

Check Details

Version: 2.3.0
Check: installed package size
Result: NOTE
     installed size is 33.5Mb
     sub-directories of 1Mb or more:
     mapdata 33.4Mb
Flavors: r-devel-linux-x86_64-fedora-clang, r-devel-windows-x86_64-new-UL, r-devel-windows-x86_64-old, r-patched-solaris-x86, r-release-macos-arm64, r-release-macos-x86_64, r-release-windows-ix86+x86_64, r-oldrel-macos-x86_64, r-oldrel-windows-ix86+x86_64