Last updated on 2023-05-29 11:03:14 CEST.
Flavor | Version | Tinstall | Tcheck | Ttotal | Status | Flags |
---|---|---|---|---|---|---|
r-devel-linux-x86_64-debian-clang | 2.3.1 | 14.80 | 24.12 | 38.92 | OK | |
r-devel-linux-x86_64-debian-gcc | 2.3.1 | 12.65 | 19.24 | 31.89 | OK | |
r-devel-linux-x86_64-fedora-clang | 2.3.1 | 50.84 | NOTE | |||
r-devel-linux-x86_64-fedora-gcc | 2.3.1 | 49.61 | OK | |||
r-devel-windows-x86_64 | 2.3.1 | 19.00 | 40.00 | 59.00 | NOTE | |
r-patched-linux-x86_64 | 2.3.1 | 14.13 | 23.54 | 37.67 | OK | |
r-release-linux-x86_64 | 2.3.1 | 17.01 | 23.40 | 40.41 | OK | |
r-release-macos-arm64 | 2.3.1 | 28.00 | NOTE | |||
r-release-macos-x86_64 | 2.3.1 | 46.00 | NOTE | |||
r-release-windows-x86_64 | 2.3.1 | 27.00 | 41.00 | 68.00 | NOTE | |
r-oldrel-macos-arm64 | 2.3.1 | 30.00 | NOTE | |||
r-oldrel-macos-x86_64 | 2.3.1 | 44.00 | NOTE | |||
r-oldrel-windows-x86_64 | 2.3.1 | 56.00 | 44.00 | 100.00 | NOTE |
Version: 2.3.1
Check: installed package size
Result: NOTE
installed size is 33.5Mb
sub-directories of 1Mb or more:
mapdata 33.4Mb
Flavors: r-devel-linux-x86_64-fedora-clang, r-devel-windows-x86_64, r-release-macos-arm64, r-release-macos-x86_64, r-release-windows-x86_64, r-oldrel-macos-arm64, r-oldrel-macos-x86_64, r-oldrel-windows-x86_64