CRAN Package Check Results for Package mapSpain

Last updated on 2021-12-03 10:50:55 CET.

Flavor Version Tinstall Tcheck Ttotal Status Flags
r-devel-linux-x86_64-debian-clang 0.4.0 7.81 159.22 167.03 OK
r-devel-linux-x86_64-debian-gcc 0.4.0 7.00 123.72 130.72 OK
r-devel-linux-x86_64-fedora-clang 0.4.0 216.10 NOTE
r-devel-linux-x86_64-fedora-gcc 0.4.0 201.74 NOTE
r-devel-windows-x86_64-new-UL 0.4.0 20.00 184.00 204.00 OK
r-devel-windows-x86_64-new-TK 0.4.0 NOTE
r-devel-windows-x86_64-old 0.4.0 14.00 128.00 142.00 OK
r-patched-linux-x86_64 0.4.0 9.71 148.33 158.04 OK
r-patched-solaris-x86 0.4.0 261.40 NOTE
r-release-linux-x86_64 0.4.0 8.21 155.49 163.70 OK
r-release-macos-arm64 0.4.0 NOTE
r-release-macos-x86_64 0.4.0 NOTE
r-release-windows-ix86+x86_64 0.4.0 19.00 172.00 191.00 OK
r-oldrel-macos-x86_64 0.4.0 NOTE
r-oldrel-windows-ix86+x86_64 0.4.0 19.00 167.00 186.00 OK

Check Details

Version: 0.4.0
Check: data for non-ASCII characters
Result: NOTE
     Note: found 13084 marked UTF-8 strings
Flavors: r-devel-linux-x86_64-fedora-clang, r-devel-linux-x86_64-fedora-gcc, r-devel-windows-x86_64-new-TK, r-patched-solaris-x86, r-release-macos-arm64, r-release-macos-x86_64, r-oldrel-macos-x86_64