CRAN Package Check Results for Package mand

Last updated on 2023-01-31 10:52:14 CET.

Flavor Version Tinstall Tcheck Ttotal Status Flags
r-devel-linux-x86_64-debian-clang 1.1 19.45 254.58 274.03 OK
r-devel-linux-x86_64-debian-gcc 1.1 16.03 181.42 197.45 OK
r-devel-linux-x86_64-fedora-clang 1.1 327.42 NOTE
r-devel-linux-x86_64-fedora-gcc 1.1 333.72 OK
r-devel-windows-x86_64 1.1 42.00 303.00 345.00 NOTE
r-patched-linux-x86_64 1.1 15.97 242.49 258.46 OK
r-release-linux-x86_64 1.1 14.45 233.09 247.54 OK
r-release-macos-arm64 1.1 113.00 NOTE
r-release-macos-x86_64 1.1 131.00 NOTE
r-release-windows-x86_64 1.1 51.00 329.00 380.00 NOTE
r-oldrel-macos-arm64 1.1 111.00 NOTE
r-oldrel-macos-x86_64 1.1 129.00 NOTE
r-oldrel-windows-ix86+x86_64 1.1 44.00 292.00 336.00 NOTE

Check Details

Version: 1.1
Check: installed package size
Result: NOTE
     installed size is 7.2Mb
     sub-directories of 1Mb or more:
     doc 6.7Mb
Flavors: r-devel-linux-x86_64-fedora-clang, r-devel-windows-x86_64, r-release-macos-arm64, r-release-macos-x86_64, r-release-windows-x86_64, r-oldrel-macos-arm64, r-oldrel-macos-x86_64, r-oldrel-windows-ix86+x86_64