CRAN Package Check Results for Package makepipe

Last updated on 2022-12-03 10:51:23 CET.

Flavor Version Tinstall Tcheck Ttotal Status Flags
r-devel-linux-x86_64-debian-clang 0.2.0 5.65 39.55 45.20 OK
r-devel-linux-x86_64-debian-gcc 0.2.0 3.64 30.61 34.25 OK
r-devel-linux-x86_64-fedora-clang 0.2.0 69.71 NOTE
r-devel-linux-x86_64-fedora-gcc 0.2.0 65.91 NOTE
r-devel-windows-x86_64 0.2.0 27.00 82.00 109.00 OK
r-patched-linux-x86_64 0.2.0 5.72 34.90 40.62 OK
r-release-linux-x86_64 0.2.0 5.64 36.03 41.67 OK
r-release-macos-arm64 0.2.0 22.00 NOTE
r-release-macos-x86_64 0.2.0 31.00 NOTE
r-release-windows-x86_64 0.2.0 34.00 75.00 109.00 OK
r-oldrel-macos-arm64 0.2.0 23.00 NOTE
r-oldrel-macos-x86_64 0.2.0 28.00 NOTE
r-oldrel-windows-ix86+x86_64 0.2.0 11.00 61.00 72.00 OK

Check Details

Version: 0.2.0
Check: dependencies in R code
Result: NOTE
    Namespaces in Imports field not imported from:
     ‘cli’ ‘nomnoml’
     All declared Imports should be used.
Flavors: r-devel-linux-x86_64-fedora-clang, r-devel-linux-x86_64-fedora-gcc, r-release-macos-arm64, r-release-macos-x86_64, r-oldrel-macos-arm64, r-oldrel-macos-x86_64