CRAN Package Check Results for Package lwgeom

Last updated on 2021-12-02 10:51:47 CET.

Flavor Version Tinstall Tcheck Ttotal Status Flags
r-devel-linux-x86_64-debian-clang 0.2-8 84.46 69.98 154.44 OK
r-devel-linux-x86_64-debian-gcc 0.2-8 64.37 53.20 117.57 OK
r-devel-linux-x86_64-fedora-clang 0.2-8 233.47 OK
r-devel-linux-x86_64-fedora-gcc 0.2-8 220.44 OK
r-devel-windows-x86_64-new-UL 0.2-8 173.00 238.00 411.00 NOTE
r-devel-windows-x86_64-new-TK 0.2-8 OK
r-devel-windows-x86_64-old 0.2-8 147.00 106.00 253.00 NOTE
r-patched-linux-x86_64 0.2-8 82.34 65.03 147.37 OK
r-patched-solaris-x86 0.2-8 232.60 OK
r-release-linux-x86_64 0.2-8 80.30 64.61 144.91 OK
r-release-macos-arm64 0.2-8 NOTE
r-release-macos-x86_64 0.2-8 NOTE
r-release-windows-ix86+x86_64 0.2-8 263.00 214.00 477.00 NOTE
r-oldrel-macos-x86_64 0.2-8 NOTE
r-oldrel-windows-ix86+x86_64 0.2-8 261.00 213.00 474.00 NOTE

Check Details

Version: 0.2-8
Check: installed package size
Result: NOTE
     installed size is 11.4Mb
     sub-directories of 1Mb or more:
     libs 11.3Mb
Flavors: r-devel-windows-x86_64-new-UL, r-devel-windows-x86_64-old, r-release-macos-arm64, r-release-macos-x86_64, r-release-windows-ix86+x86_64, r-oldrel-macos-x86_64, r-oldrel-windows-ix86+x86_64