Last updated on 2023-03-29 09:50:53 CEST.
Flavor | Version | Tinstall | Tcheck | Ttotal | Status | Flags |
---|---|---|---|---|---|---|
r-devel-linux-x86_64-debian-clang | 0.2-11 | 100.55 | 75.97 | 176.52 | NOTE | |
r-devel-linux-x86_64-debian-gcc | 0.2-11 | 88.13 | 57.79 | 145.92 | NOTE | |
r-devel-linux-x86_64-fedora-clang | 0.2-11 | 239.90 | NOTE | |||
r-devel-linux-x86_64-fedora-gcc | 0.2-11 | 246.20 | NOTE | |||
r-devel-windows-x86_64 | 0.2-11 | 240.00 | 0.00 | 240.00 | NOTE | |
r-patched-linux-x86_64 | 0.2-11 | 85.10 | 72.41 | 157.51 | NOTE | |
r-release-linux-x86_64 | 0.2-11 | 86.97 | 70.72 | 157.69 | OK | |
r-release-macos-arm64 | 0.2-11 | 68.00 | NOTE | |||
r-release-macos-x86_64 | 0.2-11 | 90.00 | NOTE | |||
r-release-windows-x86_64 | 0.2-11 | 242.00 | 208.00 | 450.00 | NOTE | |
r-oldrel-macos-arm64 | 0.2-11 | 59.00 | NOTE | |||
r-oldrel-macos-x86_64 | 0.2-11 | 91.00 | NOTE | |||
r-oldrel-windows-ix86+x86_64 | 0.2-11 | 294.00 | 222.00 | 516.00 | WARN |
Version: 0.2-11
Check: C++ specification
Result: NOTE
Specified C++11: please drop specification unless essential
Flavors: r-devel-linux-x86_64-debian-clang, r-devel-linux-x86_64-debian-gcc, r-devel-linux-x86_64-fedora-clang, r-devel-linux-x86_64-fedora-gcc, r-patched-linux-x86_64
Version: 0.2-11
Check: installed package size
Result: NOTE
installed size is 11.4Mb
sub-directories of 1Mb or more:
libs 11.3Mb
Flavors: r-devel-windows-x86_64, r-release-macos-arm64, r-release-macos-x86_64, r-release-windows-x86_64, r-oldrel-macos-arm64, r-oldrel-macos-x86_64, r-oldrel-windows-ix86+x86_64
Version: 0.2-11
Check: whether package can be installed
Result: WARN
Found the following significant warnings:
liblwgeom/lwgeom_topo.c:4305:36: warning: too many arguments for format [-Wformat-extra-args]
liblwgeom/lwgeom_topo.c:4357:38: warning: too many arguments for format [-Wformat-extra-args]
Flavor: r-oldrel-windows-ix86+x86_64