CRAN Package Check Results for Package ltsa

Last updated on 2023-01-29 11:07:39 CET.

Flavor Version Tinstall Tcheck Ttotal Status Flags
r-devel-linux-x86_64-debian-clang 1.4.6 5.46 31.42 36.88 OK
r-devel-linux-x86_64-debian-gcc 1.4.6 4.13 24.30 28.43 OK
r-devel-linux-x86_64-fedora-clang 1.4.6 49.11 NOTE
r-devel-linux-x86_64-fedora-gcc 1.4.6 45.30 NOTE
r-devel-windows-x86_64 1.4.6 35.00 74.00 109.00 OK
r-patched-linux-x86_64 1.4.6 5.12 30.56 35.68 OK
r-release-linux-x86_64 1.4.6 4.55 31.08 35.63 OK
r-release-macos-arm64 1.4.6 18.00 OK
r-release-macos-x86_64 1.4.6 28.00 OK
r-release-windows-x86_64 1.4.6 16.00 66.00 82.00 OK
r-oldrel-macos-arm64 1.4.6 23.00 OK
r-oldrel-macos-x86_64 1.4.6 35.00 OK
r-oldrel-windows-ix86+x86_64 1.4.6 18.00 41.00 59.00 OK

Check Details

Version: 1.4.6
Check: compiled code
Result: NOTE
    File ‘ltsa/libs/ltsa.so’:
     Found no calls to: ‘R_registerRoutines’, ‘R_useDynamicSymbols’
    
    It is good practice to register native routines and to disable symbol
    search.
    
    See ‘Writing portable packages’ in the ‘Writing R Extensions’ manual.
Flavors: r-devel-linux-x86_64-fedora-clang, r-devel-linux-x86_64-fedora-gcc