Last updated on 2023-06-06 10:57:53 CEST.
Flavor | Version | Tinstall | Tcheck | Ttotal | Status | Flags |
---|---|---|---|---|---|---|
r-devel-linux-x86_64-debian-clang | 1.2.1 | 5.33 | 65.43 | 70.76 | OK | |
r-devel-linux-x86_64-debian-gcc | 1.2.1 | 3.49 | 47.26 | 50.75 | OK | |
r-devel-linux-x86_64-fedora-clang | 1.2.1 | 85.17 | NOTE | |||
r-devel-linux-x86_64-fedora-gcc | 1.2.1 | 82.33 | OK | |||
r-devel-windows-x86_64 | 1.2.1 | 5.00 | 65.00 | 70.00 | OK | |
r-patched-linux-x86_64 | 1.2.1 | 5.74 | 60.65 | 66.39 | OK | |
r-release-linux-x86_64 | 1.2.1 | 3.26 | 61.28 | 64.54 | OK | |
r-release-macos-arm64 | 1.2.1 | 25.00 | OK | |||
r-release-macos-x86_64 | 1.2.1 | 40.00 | OK | |||
r-release-windows-x86_64 | 1.2.1 | 4.00 | 83.00 | 87.00 | OK | |
r-oldrel-macos-arm64 | 1.2.1 | 23.00 | OK | |||
r-oldrel-macos-x86_64 | 1.2.1 | 34.00 | OK | |||
r-oldrel-windows-x86_64 | 1.2.1 | 19.00 | 81.00 | 100.00 | OK |
Version: 1.2.1
Check: Rd cross-references
Result: NOTE
Undeclared packages ‘sfsmisc’, ‘mnormt’ in Rd xrefs
Flavor: r-devel-linux-x86_64-fedora-clang