Last updated on 2023-03-21 10:52:17 CET.
Flavor | Version | Tinstall | Tcheck | Ttotal | Status | Flags |
---|---|---|---|---|---|---|
r-devel-linux-x86_64-debian-clang | 1.13 | 2.59 | 48.77 | 51.36 | OK | |
r-devel-linux-x86_64-debian-gcc | 1.13 | 2.99 | 37.71 | 40.70 | OK | |
r-devel-linux-x86_64-fedora-clang | 1.13 | 67.31 | NOTE | |||
r-devel-linux-x86_64-fedora-gcc | 1.13 | 73.01 | NOTE | |||
r-patched-linux-x86_64 | 1.13 | 3.23 | 46.95 | 50.18 | OK | |
r-release-linux-x86_64 | 1.13 | 3.27 | 47.22 | 50.49 | OK | |
r-release-macos-arm64 | 1.13 | 27.00 | NOTE | |||
r-release-macos-x86_64 | 1.13 | 38.00 | NOTE | |||
r-release-windows-x86_64 | 1.13 | 25.00 | 92.00 | 117.00 | OK | |
r-oldrel-macos-arm64 | 1.13 | 30.00 | NOTE | |||
r-oldrel-macos-x86_64 | 1.13 | 36.00 | NOTE | |||
r-oldrel-windows-ix86+x86_64 | 1.13 | 7.00 | 78.00 | 85.00 | OK |
Version: 1.13
Check: data for non-ASCII characters
Result: NOTE
Note: found 266 marked UTF-8 strings
Flavors: r-devel-linux-x86_64-fedora-clang, r-devel-linux-x86_64-fedora-gcc, r-release-macos-arm64, r-release-macos-x86_64, r-oldrel-macos-arm64, r-oldrel-macos-x86_64