CRAN Package Check Results for Package listviewer

Last updated on 2023-03-26 09:57:19 CEST.

Flavor Version Tinstall Tcheck Ttotal Status Flags
r-devel-linux-x86_64-debian-clang 3.0.0 3.53 30.72 34.25 NOTE
r-devel-linux-x86_64-debian-gcc 3.0.0 2.64 23.73 26.37 NOTE
r-devel-linux-x86_64-fedora-clang 3.0.0 44.54 NOTE
r-devel-linux-x86_64-fedora-gcc 3.0.0 40.24 NOTE
r-patched-linux-x86_64 3.0.0 2.26 29.37 31.63 NOTE
r-release-linux-x86_64 3.0.0 2.15 30.16 32.31 NOTE
r-release-macos-arm64 3.0.0 14.00 NOTE
r-release-macos-x86_64 3.0.0 31.00 NOTE
r-release-windows-x86_64 3.0.0 36.00 68.00 104.00 NOTE
r-oldrel-macos-arm64 3.0.0 22.00 NOTE
r-oldrel-macos-x86_64 3.0.0 28.00 NOTE
r-oldrel-windows-ix86+x86_64 3.0.0 9.00 65.00 74.00 NOTE

Check Details

Version: 3.0.0
Check: LazyData
Result: NOTE
     'LazyData' is specified without a 'data' directory
Flavors: r-devel-linux-x86_64-debian-clang, r-devel-linux-x86_64-debian-gcc, r-devel-linux-x86_64-fedora-clang, r-devel-linux-x86_64-fedora-gcc, r-patched-linux-x86_64, r-release-linux-x86_64, r-release-macos-arm64, r-release-macos-x86_64, r-release-windows-x86_64, r-oldrel-macos-arm64, r-oldrel-macos-x86_64, r-oldrel-windows-ix86+x86_64