Last updated on 2023-01-29 11:07:39 CET.
Flavor | Version | Tinstall | Tcheck | Ttotal | Status | Flags |
---|---|---|---|---|---|---|
r-devel-linux-x86_64-debian-clang | 1.0-0 | 2.69 | 31.02 | 33.71 | NOTE | |
r-devel-linux-x86_64-debian-gcc | 1.0-0 | 1.65 | 24.07 | 25.72 | NOTE | |
r-devel-linux-x86_64-fedora-clang | 1.0-0 | 42.74 | NOTE | |||
r-devel-linux-x86_64-fedora-gcc | 1.0-0 | 54.59 | NOTE | |||
r-devel-windows-x86_64 | 1.0-0 | 29.00 | 61.00 | 90.00 | NOTE | |
r-patched-linux-x86_64 | 1.0-0 | 2.21 | 30.55 | 32.76 | NOTE | |
r-release-linux-x86_64 | 1.0-0 | 2.61 | 32.30 | 34.91 | NOTE | |
r-release-macos-arm64 | 1.0-0 | 19.00 | NOTE | |||
r-release-macos-x86_64 | 1.0-0 | 27.00 | NOTE | |||
r-release-windows-x86_64 | 1.0-0 | 18.00 | 64.00 | 82.00 | NOTE | |
r-oldrel-macos-arm64 | 1.0-0 | 25.00 | NOTE | |||
r-oldrel-macos-x86_64 | 1.0-0 | 28.00 | NOTE | |||
r-oldrel-windows-ix86+x86_64 | 1.0-0 | 6.00 | 57.00 | 63.00 | NOTE |
Version: 1.0-0
Check: LazyData
Result: NOTE
'LazyData' is specified without a 'data' directory
Flavors: r-devel-linux-x86_64-debian-clang, r-devel-linux-x86_64-debian-gcc, r-devel-linux-x86_64-fedora-clang, r-devel-linux-x86_64-fedora-gcc, r-devel-windows-x86_64, r-patched-linux-x86_64, r-release-linux-x86_64, r-release-macos-arm64, r-release-macos-x86_64, r-release-windows-x86_64, r-oldrel-macos-arm64, r-oldrel-macos-x86_64, r-oldrel-windows-ix86+x86_64