Last updated on 2022-05-23 09:51:13 CEST.
Flavor | Version | Tinstall | Tcheck | Ttotal | Status | Flags |
---|---|---|---|---|---|---|
r-devel-linux-x86_64-debian-clang | 0.1.2 | 6.51 | 102.21 | 108.72 | OK | |
r-devel-linux-x86_64-debian-gcc | 0.1.2 | 5.14 | 78.32 | 83.46 | OK | |
r-devel-linux-x86_64-fedora-clang | 0.1.2 | 128.71 | NOTE | |||
r-devel-linux-x86_64-fedora-gcc | 0.1.2 | 131.36 | OK | |||
r-devel-windows-x86_64 | 0.1.2 | 23.00 | 132.00 | 155.00 | OK | |
r-patched-linux-x86_64 | 0.1.2 | 11.05 | 98.52 | 109.57 | OK | |
r-release-linux-x86_64 | 0.1.2 | OK | ||||
r-release-macos-arm64 | 0.1.2 | 43.00 | OK | |||
r-release-macos-x86_64 | 0.1.2 | 75.00 | OK | |||
r-release-windows-x86_64 | 0.1.2 | 24.00 | 138.00 | 162.00 | OK | |
r-oldrel-macos-arm64 | 0.1.2 | 59.00 | OK | |||
r-oldrel-macos-x86_64 | 0.1.2 | 62.00 | OK | |||
r-oldrel-windows-ix86+x86_64 | 0.1.2 | 15.00 | 124.00 | 139.00 | OK |
Version: 0.1.2
Check: Rd cross-references
Result: NOTE
Undeclared package ‘tidyselect’ in Rd xrefs
Flavor: r-devel-linux-x86_64-fedora-clang