CRAN Package Check Results for Package lemon

Last updated on 2022-11-29 09:52:17 CET.

Flavor Version Tinstall Tcheck Ttotal Status Flags
r-devel-linux-x86_64-debian-clang 0.4.5 11.82 160.07 171.89 ERROR
r-devel-linux-x86_64-debian-gcc 0.4.5 9.95 114.60 124.55 ERROR
r-devel-linux-x86_64-fedora-clang 0.4.5 212.80 ERROR
r-devel-linux-x86_64-fedora-gcc 0.4.5 220.99 ERROR
r-devel-windows-x86_64 0.4.5 47.00 224.00 271.00 ERROR
r-patched-linux-x86_64 0.4.5 13.72 145.13 158.85 ERROR
r-release-linux-x86_64 0.4.5 12.72 134.91 147.63 ERROR
r-release-macos-arm64 0.4.5 157.00 NOTE
r-release-macos-x86_64 0.4.5 235.00 NOTE
r-release-windows-x86_64 0.4.5 48.00 221.00 269.00 ERROR
r-oldrel-macos-arm64 0.4.5 156.00 NOTE
r-oldrel-macos-x86_64 0.4.5 161.00 NOTE
r-oldrel-windows-ix86+x86_64 0.4.5 24.00 168.00 192.00 ERROR

Additional issues

donttest

Check Details

Version: 0.4.5
Check: LazyData
Result: NOTE
     'LazyData' is specified without a 'data' directory
Flavors: r-devel-linux-x86_64-debian-clang, r-devel-linux-x86_64-debian-gcc, r-devel-linux-x86_64-fedora-clang, r-devel-linux-x86_64-fedora-gcc, r-devel-windows-x86_64, r-patched-linux-x86_64, r-release-linux-x86_64, r-release-macos-arm64, r-release-macos-x86_64, r-release-windows-x86_64, r-oldrel-macos-arm64, r-oldrel-macos-x86_64, r-oldrel-windows-ix86+x86_64

Version: 0.4.5
Check: examples
Result: ERROR
    Running examples in 'lemon-Ex.R' failed
    The error most likely occurred in:
    
    > base::assign(".ptime", proc.time(), pos = "CheckExEnv")
    > ### Name: annotate_y_axis
    > ### Title: Annotations in the axis
    > ### Aliases: annotate_y_axis annotate_x_axis
    >
    > ### ** Examples
    >
    > library(ggplot2)
    
    Attaching package: 'ggplot2'
    
    The following objects are masked from 'package:lemon':
    
     CoordCartesian, element_render
    
    >
    > p <- ggplot(mtcars, aes(mpg, hp, colour=disp)) + geom_point()
    >
    > l <- p + annotate_y_axis('mark at', y=200, tick=TRUE)
    > l
    Error in if (is.primary) { : argument is of length zero
    Calls: <Anonymous> ... <Anonymous> -> draw -> <Anonymous> -> get_annotations
    Execution halted
Flavors: r-devel-linux-x86_64-debian-clang, r-devel-linux-x86_64-debian-gcc, r-patched-linux-x86_64, r-release-linux-x86_64

Version: 0.4.5
Check: tests
Result: ERROR
     Running 'testthat.R' [4s/5s]
    Running the tests in 'tests/testthat.R' failed.
    Complete output:
     > library(testthat)
     > library(lemon)
     >
     >
     > if (TRUE) {
     + test_check("lemon")
     + } #else {
     [ FAIL 1 | WARN 0 | SKIP 0 | PASS 137 ]
    
     == Failed tests ================================================================
     -- Failure ('test_lemon_plot.r:12'): ggplot2 does not break lemon_plot by altering class --
     `l + 1` threw an error with unexpected message.
     Expected match: "Can't add `1` to a ggplot object."
     Actual message: "Can't add `1` to a <ggplot> object."
     Backtrace:
     x
     1. +-testthat::expect_error(...) at test_lemon_plot.r:12:2
     2. | \-testthat:::quasi_capture(...)
     3. | +-testthat (local) .capture(...)
     4. | | \-base::withCallingHandlers(...)
     5. | \-rlang::eval_bare(quo_get_expr(.quo), quo_get_env(.quo))
     6. \-ggplot2:::`+.gg`(l, 1)
     7. \-ggplot2:::add_ggplot(e1, e2, e2name)
     8. +-ggplot2::ggplot_add(object, p, objectname)
     9. \-ggplot2:::ggplot_add.default(object, p, objectname)
     10. \-cli::cli_abort("Can't add {.var {object_name}} to a {.cls ggplot} object.")
     11. \-rlang::abort(...)
    
     [ FAIL 1 | WARN 0 | SKIP 0 | PASS 137 ]
     Error: Test failures
     Execution halted
Flavor: r-devel-linux-x86_64-debian-clang

Version: 0.4.5
Check: re-building of vignette outputs
Result: ERROR
    Error(s) in re-building vignettes:
     ...
    --- re-building 'capped-axes.Rmd' using rmarkdown
    Quitting from lines 61-62 (capped-axes.Rmd)
    Error: processing vignette 'capped-axes.Rmd' failed with diagnostics:
    argument is of length zero
    --- failed re-building 'capped-axes.Rmd'
    
    --- re-building 'facet-rep-labels.Rmd' using rmarkdown
    Quitting from lines 38-42 (facet-rep-labels.Rmd)
    Error: processing vignette 'facet-rep-labels.Rmd' failed with diagnostics:
    argument is of length zero
    --- failed re-building 'facet-rep-labels.Rmd'
    
    --- re-building 'geoms.Rmd' using rmarkdown
    --- finished re-building 'geoms.Rmd'
    
    --- re-building 'gtable_show_lemonade.Rmd' using rmarkdown
    --- finished re-building 'gtable_show_lemonade.Rmd'
    
    --- re-building 'legends.Rmd' using rmarkdown
    Quitting from lines 333-338 (legends.Rmd)
    Error: processing vignette 'legends.Rmd' failed with diagnostics:
    argument is of length zero
    --- failed re-building 'legends.Rmd'
    
    --- re-building 'lemon_print.Rmd' using rmarkdown
    Warning in sprintf("\n\n ```{r %s}\n", opts, "\n") :
     one argument not used by format '
    
     ```{r %s}
    '
    Warning in sprintf("\n\n ```{r %s}\n", opts, "\n") :
     one argument not used by format '
    
     ```{r %s}
    '
    Warning in sprintf("\n\n ```{r %s}\n", opts, "\n") :
     one argument not used by format '
    
     ```{r %s}
    '
    Warning in sprintf("\n\n ```{r %s}\n", opts, "\n") :
     one argument not used by format '
    
     ```{r %s}
    '
    Warning in sprintf("\n\n ```{r %s}\n", opts, "\n") :
     one argument not used by format '
    
     ```{r %s}
    '
    --- finished re-building 'lemon_print.Rmd'
    
    SUMMARY: processing the following files failed:
     'capped-axes.Rmd' 'facet-rep-labels.Rmd' 'legends.Rmd'
    
    Error: Vignette re-building failed.
    Execution halted
Flavors: r-devel-linux-x86_64-debian-clang, r-devel-linux-x86_64-debian-gcc, r-patched-linux-x86_64

Version: 0.4.5
Check: tests
Result: ERROR
     Running ‘testthat.R’ [3s/5s]
    Running the tests in ‘tests/testthat.R’ failed.
    Complete output:
     > library(testthat)
     > library(lemon)
     >
     >
     > if (TRUE) {
     + test_check("lemon")
     + } #else {
     [ FAIL 1 | WARN 0 | SKIP 0 | PASS 137 ]
    
     ══ Failed tests ════════════════════════════════════════════════════════════════
     ── Failure ('test_lemon_plot.r:12'): ggplot2 does not break lemon_plot by altering class ──
     `l + 1` threw an error with unexpected message.
     Expected match: "Can't add `1` to a ggplot object."
     Actual message: "Can't add `1` to a <ggplot> object."
     Backtrace:
     ▆
     1. ├─testthat::expect_error(...) at test_lemon_plot.r:12:2
     2. │ └─testthat:::quasi_capture(...)
     3. │ ├─testthat (local) .capture(...)
     4. │ │ └─base::withCallingHandlers(...)
     5. │ └─rlang::eval_bare(quo_get_expr(.quo), quo_get_env(.quo))
     6. └─ggplot2:::`+.gg`(l, 1)
     7. └─ggplot2:::add_ggplot(e1, e2, e2name)
     8. ├─ggplot2::ggplot_add(object, p, objectname)
     9. └─ggplot2:::ggplot_add.default(object, p, objectname)
     10. └─cli::cli_abort("Can't add {.var {object_name}} to a {.cls ggplot} object.")
     11. └─rlang::abort(...)
    
     [ FAIL 1 | WARN 0 | SKIP 0 | PASS 137 ]
     Error: Test failures
     Execution halted
Flavor: r-devel-linux-x86_64-debian-gcc

Version: 0.4.5
Check: examples
Result: ERROR
    Running examples in ‘lemon-Ex.R’ failed
    The error most likely occurred in:
    
    > ### Name: annotate_y_axis
    > ### Title: Annotations in the axis
    > ### Aliases: annotate_y_axis annotate_x_axis
    >
    > ### ** Examples
    >
    > library(ggplot2)
    
    Attaching package: ‘ggplot2’
    
    The following objects are masked from ‘package:lemon’:
    
     CoordCartesian, element_render
    
    >
    > p <- ggplot(mtcars, aes(mpg, hp, colour=disp)) + geom_point()
    >
    > l <- p + annotate_y_axis('mark at', y=200, tick=TRUE)
    > l
    Error in if (is.primary) { : argument is of length zero
    Calls: <Anonymous> ... <Anonymous> -> draw -> <Anonymous> -> get_annotations
    Execution halted
Flavors: r-devel-linux-x86_64-fedora-clang, r-devel-linux-x86_64-fedora-gcc, r-devel-windows-x86_64, r-release-windows-x86_64, r-oldrel-windows-ix86+x86_64

Version: 0.4.5
Check: tests
Result: ERROR
     Running ‘testthat.R’
    Running the tests in ‘tests/testthat.R’ failed.
    Complete output:
     > library(testthat)
     > library(lemon)
     >
     >
     > if (TRUE) {
     + test_check("lemon")
     + } #else {
     [ FAIL 1 | WARN 0 | SKIP 0 | PASS 137 ]
    
     ══ Failed tests ════════════════════════════════════════════════════════════════
     ── Failure ('test_lemon_plot.r:12'): ggplot2 does not break lemon_plot by altering class ──
     `l + 1` threw an error with unexpected message.
     Expected match: "Can't add `1` to a ggplot object."
     Actual message: "Can't add `1` to a <ggplot> object."
     Backtrace:
     ▆
     1. ├─testthat::expect_error(...) at test_lemon_plot.r:12:2
     2. │ └─testthat:::quasi_capture(...)
     3. │ ├─testthat (local) .capture(...)
     4. │ │ └─base::withCallingHandlers(...)
     5. │ └─rlang::eval_bare(quo_get_expr(.quo), quo_get_env(.quo))
     6. └─ggplot2:::`+.gg`(l, 1)
     7. └─ggplot2:::add_ggplot(e1, e2, e2name)
     8. ├─ggplot2::ggplot_add(object, p, objectname)
     9. └─ggplot2:::ggplot_add.default(object, p, objectname)
     10. └─cli::cli_abort("Can't add {.var {object_name}} to a {.cls ggplot} object.")
     11. └─rlang::abort(...)
    
     [ FAIL 1 | WARN 0 | SKIP 0 | PASS 137 ]
     Error: Test failures
     Execution halted
Flavor: r-devel-linux-x86_64-fedora-clang

Version: 0.4.5
Check: re-building of vignette outputs
Result: ERROR
    Error(s) in re-building vignettes:
    --- re-building ‘capped-axes.Rmd’ using rmarkdown
    Quitting from lines 61-62 (capped-axes.Rmd)
    Error: processing vignette 'capped-axes.Rmd' failed with diagnostics:
    argument is of length zero
    --- failed re-building ‘capped-axes.Rmd’
    
    --- re-building ‘facet-rep-labels.Rmd’ using rmarkdown
    Quitting from lines 38-42 (facet-rep-labels.Rmd)
    Error: processing vignette 'facet-rep-labels.Rmd' failed with diagnostics:
    argument is of length zero
    --- failed re-building ‘facet-rep-labels.Rmd’
    
    --- re-building ‘geoms.Rmd’ using rmarkdown
    --- finished re-building ‘geoms.Rmd’
    
    --- re-building ‘gtable_show_lemonade.Rmd’ using rmarkdown
    --- finished re-building ‘gtable_show_lemonade.Rmd’
    
    --- re-building ‘legends.Rmd’ using rmarkdown
    Quitting from lines 333-338 (legends.Rmd)
    Error: processing vignette 'legends.Rmd' failed with diagnostics:
    argument is of length zero
    --- failed re-building ‘legends.Rmd’
    
    --- re-building ‘lemon_print.Rmd’ using rmarkdown
    Warning in sprintf("\n\n ```{r %s}\n", opts, "\n") :
     one argument not used by format '
    
     ```{r %s}
    '
    Warning in sprintf("\n\n ```{r %s}\n", opts, "\n") :
     one argument not used by format '
    
     ```{r %s}
    '
    Warning in sprintf("\n\n ```{r %s}\n", opts, "\n") :
     one argument not used by format '
    
     ```{r %s}
    '
    Warning in sprintf("\n\n ```{r %s}\n", opts, "\n") :
     one argument not used by format '
    
     ```{r %s}
    '
    Warning in sprintf("\n\n ```{r %s}\n", opts, "\n") :
     one argument not used by format '
    
     ```{r %s}
    '
    --- finished re-building ‘lemon_print.Rmd’
    
    SUMMARY: processing the following files failed:
     ‘capped-axes.Rmd’ ‘facet-rep-labels.Rmd’ ‘legends.Rmd’
    
    Error: Vignette re-building failed.
    Execution halted
Flavors: r-devel-linux-x86_64-fedora-clang, r-devel-linux-x86_64-fedora-gcc

Version: 0.4.5
Check: tests
Result: ERROR
     Running ‘testthat.R’ [5s/13s]
    Running the tests in ‘tests/testthat.R’ failed.
    Complete output:
     > library(testthat)
     > library(lemon)
     >
     >
     > if (TRUE) {
     + test_check("lemon")
     + } #else {
     [ FAIL 1 | WARN 0 | SKIP 0 | PASS 137 ]
    
     ══ Failed tests ════════════════════════════════════════════════════════════════
     ── Failure ('test_lemon_plot.r:12'): ggplot2 does not break lemon_plot by altering class ──
     `l + 1` threw an error with unexpected message.
     Expected match: "Can't add `1` to a ggplot object."
     Actual message: "Can't add `1` to a <ggplot> object."
     Backtrace:
     ▆
     1. ├─testthat::expect_error(...) at test_lemon_plot.r:12:2
     2. │ └─testthat:::quasi_capture(...)
     3. │ ├─testthat (local) .capture(...)
     4. │ │ └─base::withCallingHandlers(...)
     5. │ └─rlang::eval_bare(quo_get_expr(.quo), quo_get_env(.quo))
     6. └─ggplot2:::`+.gg`(l, 1)
     7. └─ggplot2:::add_ggplot(e1, e2, e2name)
     8. ├─ggplot2::ggplot_add(object, p, objectname)
     9. └─ggplot2:::ggplot_add.default(object, p, objectname)
     10. └─cli::cli_abort("Can't add {.var {object_name}} to a {.cls ggplot} object.")
     11. └─rlang::abort(...)
    
     [ FAIL 1 | WARN 0 | SKIP 0 | PASS 137 ]
     Error: Test failures
     Execution halted
Flavor: r-devel-linux-x86_64-fedora-gcc

Version: 0.4.5
Check: tests
Result: ERROR
     Running 'testthat.R' [4s]
    Running the tests in 'tests/testthat.R' failed.
    Complete output:
     > library(testthat)
     > library(lemon)
     >
     >
     > if (TRUE) {
     + test_check("lemon")
     + } #else {
     [ FAIL 1 | WARN 0 | SKIP 0 | PASS 137 ]
    
     ══ Failed tests ════════════════════════════════════════════════════════════════
     ── Failure ('test_lemon_plot.r:12'): ggplot2 does not break lemon_plot by altering class ──
     `l + 1` threw an error with unexpected message.
     Expected match: "Can't add `1` to a ggplot object."
     Actual message: "Can't add `1` to a <ggplot> object."
     Backtrace:
     ▆
     1. ├─testthat::expect_error(...) at test_lemon_plot.r:12:2
     2. │ └─testthat:::quasi_capture(...)
     3. │ ├─testthat (local) .capture(...)
     4. │ │ └─base::withCallingHandlers(...)
     5. │ └─rlang::eval_bare(quo_get_expr(.quo), quo_get_env(.quo))
     6. └─ggplot2:::`+.gg`(l, 1)
     7. └─ggplot2:::add_ggplot(e1, e2, e2name)
     8. ├─ggplot2::ggplot_add(object, p, objectname)
     9. └─ggplot2:::ggplot_add.default(object, p, objectname)
     10. └─cli::cli_abort("Can't add {.var {object_name}} to a {.cls ggplot} object.")
     11. └─rlang::abort(...)
    
     [ FAIL 1 | WARN 0 | SKIP 0 | PASS 137 ]
     Error: Test failures
     Execution halted
Flavor: r-devel-windows-x86_64

Version: 0.4.5
Check: re-building of vignette outputs
Result: ERROR
    Error(s) in re-building vignettes:
    --- re-building 'capped-axes.Rmd' using rmarkdown
    Quitting from lines 61-62 (capped-axes.Rmd)
    Error: processing vignette 'capped-axes.Rmd' failed with diagnostics:
    argument is of length zero
    --- failed re-building 'capped-axes.Rmd'
    
    --- re-building 'facet-rep-labels.Rmd' using rmarkdown
    Quitting from lines 38-42 (facet-rep-labels.Rmd)
    Error: processing vignette 'facet-rep-labels.Rmd' failed with diagnostics:
    argument is of length zero
    --- failed re-building 'facet-rep-labels.Rmd'
    
    --- re-building 'geoms.Rmd' using rmarkdown
    --- finished re-building 'geoms.Rmd'
    
    --- re-building 'gtable_show_lemonade.Rmd' using rmarkdown
    --- finished re-building 'gtable_show_lemonade.Rmd'
    
    --- re-building 'legends.Rmd' using rmarkdown
    Quitting from lines 333-338 (legends.Rmd)
    Error: processing vignette 'legends.Rmd' failed with diagnostics:
    argument is of length zero
    --- failed re-building 'legends.Rmd'
    
    --- re-building 'lemon_print.Rmd' using rmarkdown
    Warning: code chunks must not depend on the uncached chunk "unnamed-chunk-1"
    Warning in sprintf("\n\n ```{r %s}\n", opts, "\n") :
     one argument not used by format '
    
     ```{r %s}
    '
    Warning in sprintf("\n\n ```{r %s}\n", opts, "\n") :
     one argument not used by format '
    
     ```{r %s}
    '
    Warning: code chunks must not depend on the uncached chunk "unnamed-chunk-4"
    Warning in sprintf("\n\n ```{r %s}\n", opts, "\n") :
     one argument not used by format '
    
     ```{r %s}
    '
    Warning in sprintf("\n\n ```{r %s}\n", opts, "\n") :
     one argument not used by format '
    
     ```{r %s}
    '
    Warning in sprintf("\n\n ```{r %s}\n", opts, "\n") :
     one argument not used by format '
    
     ```{r %s}
    '
    --- finished re-building 'lemon_print.Rmd'
    
    SUMMARY: processing the following files failed:
     'capped-axes.Rmd' 'facet-rep-labels.Rmd' 'legends.Rmd'
    
    Error: Vignette re-building failed.
    Execution halted
Flavors: r-devel-windows-x86_64, r-release-windows-x86_64

Version: 0.4.5
Check: tests
Result: ERROR
     Running ‘testthat.R’ [4s/5s]
    Running the tests in ‘tests/testthat.R’ failed.
    Complete output:
     > library(testthat)
     > library(lemon)
     >
     >
     > if (TRUE) {
     + test_check("lemon")
     + } #else {
     [ FAIL 1 | WARN 0 | SKIP 0 | PASS 137 ]
    
     ══ Failed tests ════════════════════════════════════════════════════════════════
     ── Failure ('test_lemon_plot.r:12'): ggplot2 does not break lemon_plot by altering class ──
     `l + 1` threw an error with unexpected message.
     Expected match: "Can't add `1` to a ggplot object."
     Actual message: "Can't add `1` to a <ggplot> object."
     Backtrace:
     ▆
     1. ├─testthat::expect_error(...) at test_lemon_plot.r:12:2
     2. │ └─testthat:::quasi_capture(...)
     3. │ ├─testthat (local) .capture(...)
     4. │ │ └─base::withCallingHandlers(...)
     5. │ └─rlang::eval_bare(quo_get_expr(.quo), quo_get_env(.quo))
     6. └─ggplot2:::`+.gg`(l, 1)
     7. └─ggplot2:::add_ggplot(e1, e2, e2name)
     8. ├─ggplot2::ggplot_add(object, p, objectname)
     9. └─ggplot2:::ggplot_add.default(object, p, objectname)
     10. └─cli::cli_abort("Can't add {.var {object_name}} to a {.cls ggplot} object.")
     11. └─rlang::abort(...)
    
     [ FAIL 1 | WARN 0 | SKIP 0 | PASS 137 ]
     Error: Test failures
     Execution halted
Flavor: r-patched-linux-x86_64

Version: 0.4.5
Check: tests
Result: ERROR
     Running ‘testthat.R’ [4s/4s]
    Running the tests in ‘tests/testthat.R’ failed.
    Complete output:
     > library(testthat)
     > library(lemon)
     >
     >
     > if (TRUE) {
     + test_check("lemon")
     + } #else {
     [ FAIL 1 | WARN 0 | SKIP 0 | PASS 137 ]
    
     ══ Failed tests ════════════════════════════════════════════════════════════════
     ── Failure ('test_lemon_plot.r:12'): ggplot2 does not break lemon_plot by altering class ──
     `l + 1` threw an error with unexpected message.
     Expected match: "Can't add `1` to a ggplot object."
     Actual message: "Can't add `1` to a <ggplot> object."
     Backtrace:
     ▆
     1. ├─testthat::expect_error(...) at test_lemon_plot.r:12:2
     2. │ └─testthat:::quasi_capture(...)
     3. │ ├─testthat (local) .capture(...)
     4. │ │ └─base::withCallingHandlers(...)
     5. │ └─rlang::eval_bare(quo_get_expr(.quo), quo_get_env(.quo))
     6. └─ggplot2:::`+.gg`(l, 1)
     7. └─ggplot2:::add_ggplot(e1, e2, e2name)
     8. ├─ggplot2::ggplot_add(object, p, objectname)
     9. └─ggplot2:::ggplot_add.default(object, p, objectname)
     10. └─cli::cli_abort("Can't add {.var {object_name}} to a {.cls ggplot} object.")
     11. └─rlang::abort(...)
    
     [ FAIL 1 | WARN 0 | SKIP 0 | PASS 137 ]
     Error: Test failures
     Execution halted
Flavor: r-release-linux-x86_64

Version: 0.4.5
Check: re-building of vignette outputs
Result: ERROR
    Error(s) in re-building vignettes:
     ...
    --- re-building ‘capped-axes.Rmd’ using rmarkdown
    Quitting from lines 61-62 (capped-axes.Rmd)
    Error: processing vignette ‘capped-axes.Rmd’ failed with diagnostics:
    argument is of length zero
    --- failed re-building ‘capped-axes.Rmd’
    
    --- re-building ‘facet-rep-labels.Rmd’ using rmarkdown
    Quitting from lines 38-42 (facet-rep-labels.Rmd)
    Error: processing vignette ‘facet-rep-labels.Rmd’ failed with diagnostics:
    argument is of length zero
    --- failed re-building ‘facet-rep-labels.Rmd’
    
    --- re-building ‘geoms.Rmd’ using rmarkdown
    --- finished re-building ‘geoms.Rmd’
    
    --- re-building ‘gtable_show_lemonade.Rmd’ using rmarkdown
    --- finished re-building ‘gtable_show_lemonade.Rmd’
    
    --- re-building ‘legends.Rmd’ using rmarkdown
    Quitting from lines 333-338 (legends.Rmd)
    Error: processing vignette ‘legends.Rmd’ failed with diagnostics:
    argument is of length zero
    --- failed re-building ‘legends.Rmd’
    
    --- re-building ‘lemon_print.Rmd’ using rmarkdown
    Warning: code chunks must not depend on the uncached chunk "unnamed-chunk-1"
    Warning in sprintf("\n\n ```{r %s}\n", opts, "\n") :
     one argument not used by format ‘
    
     ```{r %s}
    ’
    Warning in sprintf("\n\n ```{r %s}\n", opts, "\n") :
     one argument not used by format ‘
    
     ```{r %s}
    ’
    Warning: code chunks must not depend on the uncached chunk "unnamed-chunk-4"
    Warning in sprintf("\n\n ```{r %s}\n", opts, "\n") :
     one argument not used by format ‘
    
     ```{r %s}
    ’
    Warning in sprintf("\n\n ```{r %s}\n", opts, "\n") :
     one argument not used by format ‘
    
     ```{r %s}
    ’
    Warning in sprintf("\n\n ```{r %s}\n", opts, "\n") :
     one argument not used by format ‘
    
     ```{r %s}
    ’
    --- finished re-building ‘lemon_print.Rmd’
    
    SUMMARY: processing the following files failed:
     ‘capped-axes.Rmd’ ‘facet-rep-labels.Rmd’ ‘legends.Rmd’
    
    Error: Vignette re-building failed.
    Execution halted
Flavor: r-release-linux-x86_64

Version: 0.4.5
Check: tests
Result: ERROR
     Running 'testthat.R' [5s]
    Running the tests in 'tests/testthat.R' failed.
    Complete output:
     > library(testthat)
     > library(lemon)
     >
     >
     > if (TRUE) {
     + test_check("lemon")
     + } #else {
     [ FAIL 1 | WARN 0 | SKIP 0 | PASS 137 ]
    
     ══ Failed tests ════════════════════════════════════════════════════════════════
     ── Failure ('test_lemon_plot.r:12'): ggplot2 does not break lemon_plot by altering class ──
     `l + 1` threw an error with unexpected message.
     Expected match: "Can't add `1` to a ggplot object."
     Actual message: "Can't add `1` to a <ggplot> object."
     Backtrace:
     ▆
     1. ├─testthat::expect_error(...) at test_lemon_plot.r:12:2
     2. │ └─testthat:::quasi_capture(...)
     3. │ ├─testthat (local) .capture(...)
     4. │ │ └─base::withCallingHandlers(...)
     5. │ └─rlang::eval_bare(quo_get_expr(.quo), quo_get_env(.quo))
     6. └─ggplot2:::`+.gg`(l, 1)
     7. └─ggplot2:::add_ggplot(e1, e2, e2name)
     8. ├─ggplot2::ggplot_add(object, p, objectname)
     9. └─ggplot2:::ggplot_add.default(object, p, objectname)
     10. └─cli::cli_abort("Can't add {.var {object_name}} to a {.cls ggplot} object.")
     11. └─rlang::abort(...)
    
     [ FAIL 1 | WARN 0 | SKIP 0 | PASS 137 ]
     Error: Test failures
     Execution halted
Flavor: r-release-windows-x86_64

Version: 0.4.5
Check: tests
Result: ERROR
     Running 'testthat.R' [4s]
    Running the tests in 'tests/testthat.R' failed.
    Complete output:
     > library(testthat)
     > library(lemon)
     >
     >
     > if (TRUE) {
     + test_check("lemon")
     + } #else {
     [ FAIL 1 | WARN 0 | SKIP 0 | PASS 137 ]
    
     == Failed tests ================================================================
     -- Failure ('test_lemon_plot.r:12'): ggplot2 does not break lemon_plot by altering class --
     `l + 1` threw an error with unexpected message.
     Expected match: "Can't add `1` to a ggplot object."
     Actual message: "Can't add `1` to a <ggplot> object."
     Backtrace:
     x
     1. +-testthat::expect_error(...) at test_lemon_plot.r:12:2
     2. | \-testthat:::quasi_capture(...)
     3. | +-testthat (local) .capture(...)
     4. | | \-base::withCallingHandlers(...)
     5. | \-rlang::eval_bare(quo_get_expr(.quo), quo_get_env(.quo))
     6. \-ggplot2:::`+.gg`(l, 1)
     7. \-ggplot2:::add_ggplot(e1, e2, e2name)
     8. +-ggplot2::ggplot_add(object, p, objectname)
     9. \-ggplot2:::ggplot_add.default(object, p, objectname)
     10. \-cli::cli_abort("Can't add {.var {object_name}} to a {.cls ggplot} object.")
     11. \-rlang::abort(...)
    
     [ FAIL 1 | WARN 0 | SKIP 0 | PASS 137 ]
     Error: Test failures
     Execution halted
Flavor: r-oldrel-windows-ix86+x86_64

Version: 0.4.5
Check: re-building of vignette outputs
Result: WARN
    Error(s) in re-building vignettes:
    --- re-building 'capped-axes.Rmd' using rmarkdown
    Quitting from lines 61-62 (capped-axes.Rmd)
    Error: processing vignette 'capped-axes.Rmd' failed with diagnostics:
    argument is of length zero
    --- failed re-building 'capped-axes.Rmd'
    
    --- re-building 'facet-rep-labels.Rmd' using rmarkdown
    Quitting from lines 38-42 (facet-rep-labels.Rmd)
    Error: processing vignette 'facet-rep-labels.Rmd' failed with diagnostics:
    argument is of length zero
    --- failed re-building 'facet-rep-labels.Rmd'
    
    --- re-building 'geoms.Rmd' using rmarkdown
    --- finished re-building 'geoms.Rmd'
    
    --- re-building 'gtable_show_lemonade.Rmd' using rmarkdown
    --- finished re-building 'gtable_show_lemonade.Rmd'
    
    --- re-building 'legends.Rmd' using rmarkdown
    Quitting from lines 333-338 (legends.Rmd)
    Error: processing vignette 'legends.Rmd' failed with diagnostics:
    argument is of length zero
    --- failed re-building 'legends.Rmd'
    
    --- re-building 'lemon_print.Rmd' using rmarkdown
    Warning in sprintf("\n\n ```{r %s}\n", opts, "\n") :
     one argument not used by format '
    
     ```{r %s}
    '
    Warning in sprintf("\n\n ```{r %s}\n", opts, "\n") :
     one argument not used by format '
    
     ```{r %s}
    '
    Warning in sprintf("\n\n ```{r %s}\n", opts, "\n") :
     one argument not used by format '
    
     ```{r %s}
    '
    Warning in sprintf("\n\n ```{r %s}\n", opts, "\n") :
     one argument not used by format '
    
     ```{r %s}
    '
    Warning in sprintf("\n\n ```{r %s}\n", opts, "\n") :
     one argument not used by format '
    
     ```{r %s}
    '
    --- finished re-building 'lemon_print.Rmd'
    
    SUMMARY: processing the following files failed:
     'capped-axes.Rmd' 'facet-rep-labels.Rmd' 'legends.Rmd'
    
    Error: Vignette re-building failed.
    Execution halted
Flavor: r-oldrel-windows-ix86+x86_64