CRAN Package Check Results for Package leanpubr

Last updated on 2022-12-02 10:51:30 CET.

Flavor Version Tinstall Tcheck Ttotal Status Flags
r-devel-linux-x86_64-debian-clang 0.3.1 2.78 32.89 35.67 NOTE
r-devel-linux-x86_64-debian-gcc 0.3.1 1.89 25.70 27.59 NOTE
r-devel-linux-x86_64-fedora-clang 0.3.1 55.31 NOTE
r-devel-linux-x86_64-fedora-gcc 0.3.1 54.87 NOTE
r-devel-windows-x86_64 0.3.1 5.00 83.00 88.00 NOTE
r-patched-linux-x86_64 0.3.1 6.42 31.82 38.24 NOTE
r-release-linux-x86_64 0.3.1 2.21 31.63 33.84 NOTE
r-release-macos-arm64 0.3.1 21.00 NOTE
r-release-macos-x86_64 0.3.1 27.00 NOTE
r-release-windows-x86_64 0.3.1 17.00 73.00 90.00 NOTE
r-oldrel-macos-arm64 0.3.1 27.00 NOTE
r-oldrel-macos-x86_64 0.3.1 30.00 NOTE
r-oldrel-windows-ix86+x86_64 0.3.1 6.00 64.00 70.00 NOTE

Check Details

Version: 0.3.1
Check: LazyData
Result: NOTE
     'LazyData' is specified without a 'data' directory
Flavors: r-devel-linux-x86_64-debian-clang, r-devel-linux-x86_64-debian-gcc, r-devel-linux-x86_64-fedora-clang, r-devel-linux-x86_64-fedora-gcc, r-devel-windows-x86_64, r-patched-linux-x86_64, r-release-linux-x86_64, r-release-macos-arm64, r-release-macos-x86_64, r-release-windows-x86_64, r-oldrel-macos-arm64, r-oldrel-macos-x86_64, r-oldrel-windows-ix86+x86_64