CRAN Package Check Results for Package leaflet.multiopacity

Last updated on 2023-03-31 10:51:21 CEST.

Flavor Version Tinstall Tcheck Ttotal Status Flags
r-devel-linux-x86_64-debian-clang 0.1.1 1.57 51.88 53.45 NOTE
r-devel-linux-x86_64-debian-gcc 0.1.1 1.38 40.02 41.40 NOTE
r-devel-linux-x86_64-fedora-clang 0.1.1 67.37 NOTE
r-devel-linux-x86_64-fedora-gcc 0.1.1 74.63 NOTE
r-devel-windows-x86_64 0.1.1 67.00 0.00 67.00 NOTE
r-patched-linux-x86_64 0.1.1 2.33 51.50 53.83 NOTE
r-release-linux-x86_64 0.1.1 1.90 52.18 54.08 NOTE
r-release-macos-arm64 0.1.1 24.00 NOTE
r-release-macos-x86_64 0.1.1 34.00 NOTE
r-release-windows-x86_64 0.1.1 60.00 89.00 149.00 NOTE
r-oldrel-macos-arm64 0.1.1 87.00 NOTE
r-oldrel-macos-x86_64 0.1.1 35.00 NOTE
r-oldrel-windows-ix86+x86_64 0.1.1 7.00 79.00 86.00 NOTE

Check Details

Version: 0.1.1
Check: LazyData
Result: NOTE
     'LazyData' is specified without a 'data' directory
Flavors: r-devel-linux-x86_64-debian-clang, r-devel-linux-x86_64-debian-gcc, r-devel-linux-x86_64-fedora-clang, r-devel-linux-x86_64-fedora-gcc, r-devel-windows-x86_64, r-patched-linux-x86_64, r-release-linux-x86_64, r-release-macos-arm64, r-release-macos-x86_64, r-release-windows-x86_64, r-oldrel-macos-arm64, r-oldrel-macos-x86_64, r-oldrel-windows-ix86+x86_64