Last updated on 2023-03-28 10:51:39 CEST.
Flavor | Version | Tinstall | Tcheck | Ttotal | Status | Flags |
---|---|---|---|---|---|---|
r-devel-linux-x86_64-debian-clang | 1.0.0 | 2.96 | 31.11 | 34.07 | NOTE | |
r-devel-linux-x86_64-debian-gcc | 1.0.0 | 2.77 | 24.14 | 26.91 | NOTE | |
r-devel-linux-x86_64-fedora-clang | 1.0.0 | 43.27 | NOTE | |||
r-devel-linux-x86_64-fedora-gcc | 1.0.0 | 41.40 | NOTE | |||
r-patched-linux-x86_64 | 1.0.0 | 11.96 | 30.25 | 42.21 | NOTE | |
r-release-linux-x86_64 | 1.0.0 | 3.70 | 31.49 | 35.19 | NOTE | |
r-release-macos-arm64 | 1.0.0 | 16.00 | NOTE | |||
r-release-macos-x86_64 | 1.0.0 | 34.00 | NOTE | |||
r-release-windows-x86_64 | 1.0.0 | 7.00 | 62.00 | 69.00 | NOTE | |
r-oldrel-macos-arm64 | 1.0.0 | 25.00 | NOTE | |||
r-oldrel-macos-x86_64 | 1.0.0 | 29.00 | NOTE | |||
r-oldrel-windows-ix86+x86_64 | 1.0.0 | 11.00 | 73.00 | 84.00 | NOTE |
Version: 1.0.0
Check: LazyData
Result: NOTE
'LazyData' is specified without a 'data' directory
Flavors: r-devel-linux-x86_64-debian-clang, r-devel-linux-x86_64-debian-gcc, r-devel-linux-x86_64-fedora-clang, r-devel-linux-x86_64-fedora-gcc, r-patched-linux-x86_64, r-release-linux-x86_64, r-release-macos-arm64, r-release-macos-x86_64, r-release-windows-x86_64, r-oldrel-macos-arm64, r-oldrel-macos-x86_64, r-oldrel-windows-ix86+x86_64