Last updated on 2023-03-25 09:51:30 CET.
Flavor | Version | Tinstall | Tcheck | Ttotal | Status | Flags |
---|---|---|---|---|---|---|
r-devel-linux-x86_64-debian-clang | 0.2.1 | 44.84 | 131.96 | 176.80 | OK | |
r-devel-linux-x86_64-debian-gcc | 0.2.1 | 39.67 | 95.43 | 135.10 | OK | |
r-devel-linux-x86_64-fedora-clang | 0.2.1 | 250.14 | NOTE | |||
r-devel-linux-x86_64-fedora-gcc | 0.2.1 | 229.26 | NOTE | |||
r-patched-linux-x86_64 | 0.2.1 | 39.52 | 130.15 | 169.67 | OK | |
r-release-linux-x86_64 | 0.2.1 | 37.69 | 129.62 | 167.31 | OK | |
r-release-macos-arm64 | 0.2.1 | 56.00 | OK | |||
r-release-macos-x86_64 | 0.2.1 | 88.00 | OK | |||
r-release-windows-x86_64 | 0.2.1 | 45.00 | 227.00 | 272.00 | OK | |
r-oldrel-macos-arm64 | 0.2.1 | 66.00 | OK | |||
r-oldrel-macos-x86_64 | 0.2.1 | 92.00 | OK | |||
r-oldrel-windows-ix86+x86_64 | 0.2.1 | 108.00 | 226.00 | 334.00 | OK |
Version: 0.2.1
Check: dependencies in R code
Result: NOTE
Namespaces in Imports field not imported from:
‘RColorBrewer’ ‘RcppProgress’ ‘rgen’
All declared Imports should be used.
Flavors: r-devel-linux-x86_64-fedora-clang, r-devel-linux-x86_64-fedora-gcc