CRAN Package Check Results for Package ldatuning

Last updated on 2022-05-28 10:50:48 CEST.

Flavor Version Tinstall Tcheck Ttotal Status Flags
r-devel-linux-x86_64-debian-clang 1.0.2 6.45 85.09 91.54 NOTE
r-devel-linux-x86_64-debian-gcc 1.0.2 5.17 63.46 68.63 NOTE
r-devel-linux-x86_64-fedora-clang 1.0.2 113.10 NOTE
r-devel-linux-x86_64-fedora-gcc 1.0.2 103.96 NOTE
r-devel-windows-x86_64 1.0.2 18.00 111.00 129.00 NOTE
r-patched-linux-x86_64 1.0.2 10.94 78.91 89.85 NOTE
r-release-linux-x86_64 1.0.2 6.81 79.99 86.80 NOTE
r-release-macos-arm64 1.0.2 35.00 NOTE
r-release-macos-x86_64 1.0.2 66.00 NOTE
r-release-windows-x86_64 1.0.2 30.00 107.00 137.00 NOTE
r-oldrel-macos-arm64 1.0.2 49.00 NOTE
r-oldrel-macos-x86_64 1.0.2 61.00 NOTE
r-oldrel-windows-ix86+x86_64 1.0.2 20.00 105.00 125.00 NOTE

Check Details

Version: 1.0.2
Check: LazyData
Result: NOTE
     'LazyData' is specified without a 'data' directory
Flavors: r-devel-linux-x86_64-debian-clang, r-devel-linux-x86_64-debian-gcc, r-devel-linux-x86_64-fedora-clang, r-devel-linux-x86_64-fedora-gcc, r-devel-windows-x86_64, r-patched-linux-x86_64, r-release-linux-x86_64, r-release-macos-arm64, r-release-macos-x86_64, r-release-windows-x86_64, r-oldrel-macos-arm64, r-oldrel-macos-x86_64, r-oldrel-windows-ix86+x86_64

Version: 1.0.2
Check: Rd cross-references
Result: NOTE
    Undeclared package ‘tm’ in Rd xrefs
Flavor: r-devel-linux-x86_64-fedora-clang