Last updated on 2023-02-03 09:55:36 CET.
Flavor | Version | Tinstall | Tcheck | Ttotal | Status | Flags |
---|---|---|---|---|---|---|
r-devel-linux-x86_64-debian-clang | 1.4.2 | 5.61 | 47.34 | 52.95 | OK | |
r-devel-linux-x86_64-debian-gcc | 1.4.2 | 3.82 | 35.97 | 39.79 | OK | |
r-devel-linux-x86_64-fedora-clang | 1.4.2 | 65.13 | NOTE | |||
r-devel-linux-x86_64-fedora-gcc | 1.4.2 | 62.34 | NOTE | |||
r-patched-linux-x86_64 | 1.4.2 | 5.04 | 44.08 | 49.12 | OK | |
r-release-linux-x86_64 | 1.4.2 | 4.05 | 45.03 | 49.08 | OK | |
r-release-macos-arm64 | 1.4.2 | 26.00 | OK | |||
r-release-macos-x86_64 | 1.4.2 | 34.00 | OK | |||
r-release-windows-x86_64 | 1.4.2 | 19.00 | 94.00 | 113.00 | OK | |
r-oldrel-macos-arm64 | 1.4.2 | 29.00 | OK | |||
r-oldrel-macos-x86_64 | 1.4.2 | 50.00 | OK | |||
r-oldrel-windows-ix86+x86_64 | 1.4.2 | 12.00 | 95.00 | 107.00 | OK |
Version: 1.4.2
Check: compiled code
Result: NOTE
File ‘lda/libs/lda.so’:
Found no calls to: ‘R_registerRoutines’, ‘R_useDynamicSymbols’
It is good practice to register native routines and to disable symbol
search.
See ‘Writing portable packages’ in the ‘Writing R Extensions’ manual.
Flavors: r-devel-linux-x86_64-fedora-clang, r-devel-linux-x86_64-fedora-gcc