Last updated on 2022-06-29 10:55:19 CEST.
Flavor | Version | Tinstall | Tcheck | Ttotal | Status | Flags |
---|---|---|---|---|---|---|
r-devel-linux-x86_64-debian-clang | 1.0.4 | 6.97 | 46.25 | 53.22 | NOTE | |
r-devel-linux-x86_64-debian-gcc | 1.0.4 | 5.70 | 35.67 | 41.37 | NOTE | |
r-devel-linux-x86_64-fedora-clang | 1.0.4 | 75.42 | NOTE | |||
r-devel-linux-x86_64-fedora-gcc | 1.0.4 | 74.72 | NOTE | |||
r-devel-windows-x86_64 | 1.0.4 | 24.00 | 72.00 | 96.00 | NOTE | |
r-patched-linux-x86_64 | 1.0.4 | 7.55 | 45.09 | 52.64 | NOTE | |
r-release-linux-x86_64 | 1.0.4 | 6.79 | 45.54 | 52.33 | NOTE | |
r-release-macos-arm64 | 1.0.4 | 23.00 | NOTE | |||
r-release-macos-x86_64 | 1.0.4 | 32.00 | NOTE | |||
r-release-windows-x86_64 | 1.0.4 | 22.00 | 71.00 | 93.00 | NOTE | |
r-oldrel-macos-arm64 | 1.0.4 | 26.00 | NOTE | |||
r-oldrel-macos-x86_64 | 1.0.4 | 41.00 | NOTE | |||
r-oldrel-windows-ix86+x86_64 | 1.0.4 | 13.00 | 62.00 | 75.00 | NOTE |
Version: 1.0.4
Check: LazyData
Result: NOTE
'LazyData' is specified without a 'data' directory
Flavors: r-devel-linux-x86_64-debian-clang, r-devel-linux-x86_64-debian-gcc, r-devel-linux-x86_64-fedora-clang, r-devel-linux-x86_64-fedora-gcc, r-devel-windows-x86_64, r-patched-linux-x86_64, r-release-linux-x86_64, r-release-macos-arm64, r-release-macos-x86_64, r-release-windows-x86_64, r-oldrel-macos-arm64, r-oldrel-macos-x86_64, r-oldrel-windows-ix86+x86_64