CRAN Package Check Results for Package lcpm

Last updated on 2022-12-07 10:50:02 CET.

Flavor Version Tinstall Tcheck Ttotal Status Flags
r-devel-linux-x86_64-debian-clang 0.1.1 7.11 78.29 85.40 NOTE
r-devel-linux-x86_64-debian-gcc 0.1.1 7.09 58.66 65.75 NOTE
r-devel-linux-x86_64-fedora-clang 0.1.1 117.52 NOTE
r-devel-linux-x86_64-fedora-gcc 0.1.1 112.44 NOTE
r-devel-windows-x86_64 0.1.1 16.00 103.00 119.00 NOTE
r-patched-linux-x86_64 0.1.1 9.54 73.82 83.36 NOTE
r-release-linux-x86_64 0.1.1 8.47 73.05 81.52 NOTE
r-release-macos-arm64 0.1.1 31.00 NOTE
r-release-macos-x86_64 0.1.1 44.00 NOTE
r-release-windows-x86_64 0.1.1 16.00 104.00 120.00 NOTE
r-oldrel-macos-arm64 0.1.1 37.00 NOTE
r-oldrel-macos-x86_64 0.1.1 60.00 NOTE
r-oldrel-windows-ix86+x86_64 0.1.1 18.00 97.00 115.00 NOTE

Check Details

Version: 0.1.1
Check: LazyData
Result: NOTE
     'LazyData' is specified without a 'data' directory
Flavors: r-devel-linux-x86_64-debian-clang, r-devel-linux-x86_64-debian-gcc, r-devel-linux-x86_64-fedora-clang, r-devel-linux-x86_64-fedora-gcc, r-devel-windows-x86_64, r-patched-linux-x86_64, r-release-linux-x86_64, r-release-macos-arm64, r-release-macos-x86_64, r-release-windows-x86_64, r-oldrel-macos-arm64, r-oldrel-macos-x86_64, r-oldrel-windows-ix86+x86_64