CRAN Package Check Results for Package lazysql

Last updated on 2022-11-29 09:52:17 CET.

Flavor Version Tinstall Tcheck Ttotal Status Flags
r-devel-linux-x86_64-debian-clang 0.1.3 1.32 24.97 26.29 NOTE
r-devel-linux-x86_64-debian-gcc 0.1.3 1.70 19.35 21.05 NOTE
r-devel-linux-x86_64-fedora-clang 0.1.3 44.32 NOTE
r-devel-linux-x86_64-fedora-gcc 0.1.3 44.63 NOTE
r-devel-windows-x86_64 0.1.3 10.00 54.00 64.00 NOTE
r-patched-linux-x86_64 0.1.3 2.23 23.28 25.51 NOTE
r-release-linux-x86_64 0.1.3 1.92 23.74 25.66 NOTE
r-release-macos-arm64 0.1.3 16.00 NOTE
r-release-macos-x86_64 0.1.3 22.00 NOTE
r-release-windows-x86_64 0.1.3 11.00 52.00 63.00 NOTE
r-oldrel-macos-arm64 0.1.3 20.00 NOTE
r-oldrel-macos-x86_64 0.1.3 26.00 NOTE
r-oldrel-windows-ix86+x86_64 0.1.3 8.00 48.00 56.00 NOTE

Check Details

Version: 0.1.3
Check: LazyData
Result: NOTE
     'LazyData' is specified without a 'data' directory
Flavors: r-devel-linux-x86_64-debian-clang, r-devel-linux-x86_64-debian-gcc, r-devel-linux-x86_64-fedora-clang, r-devel-linux-x86_64-fedora-gcc, r-devel-windows-x86_64, r-patched-linux-x86_64, r-release-linux-x86_64, r-release-macos-arm64, r-release-macos-x86_64, r-release-windows-x86_64, r-oldrel-macos-arm64, r-oldrel-macos-x86_64, r-oldrel-windows-ix86+x86_64