CRAN Package Check Results for Package lazysf

Last updated on 2022-12-08 10:53:23 CET.

Flavor Version Tinstall Tcheck Ttotal Status Flags
r-devel-linux-x86_64-debian-clang 0.1.0 8.52 70.57 79.09 NOTE
r-devel-linux-x86_64-debian-gcc 0.1.0 6.98 53.28 60.26 NOTE
r-devel-linux-x86_64-fedora-clang 0.1.0 108.70 NOTE
r-devel-linux-x86_64-fedora-gcc 0.1.0 113.02 NOTE
r-devel-windows-x86_64 0.1.0 29.00 94.00 123.00 NOTE
r-patched-linux-x86_64 0.1.0 12.31 64.20 76.51 NOTE
r-release-linux-x86_64 0.1.0 6.38 66.47 72.85 NOTE
r-release-macos-arm64 0.1.0 29.00 NOTE
r-release-macos-x86_64 0.1.0 54.00 NOTE
r-release-windows-x86_64 0.1.0 34.00 101.00 135.00 NOTE
r-oldrel-macos-arm64 0.1.0 36.00 NOTE
r-oldrel-macos-x86_64 0.1.0 52.00 NOTE
r-oldrel-windows-ix86+x86_64 0.1.0 20.00 98.00 118.00 NOTE

Check Details

Version: 0.1.0
Check: LazyData
Result: NOTE
     'LazyData' is specified without a 'data' directory
Flavors: r-devel-linux-x86_64-debian-clang, r-devel-linux-x86_64-debian-gcc, r-devel-linux-x86_64-fedora-clang, r-devel-linux-x86_64-fedora-gcc, r-devel-windows-x86_64, r-patched-linux-x86_64, r-release-linux-x86_64, r-release-macos-arm64, r-release-macos-x86_64, r-release-windows-x86_64, r-oldrel-macos-arm64, r-oldrel-macos-x86_64, r-oldrel-windows-ix86+x86_64