Last updated on 2023-03-20 09:49:31 CET.
Flavor | Version | Tinstall | Tcheck | Ttotal | Status | Flags |
---|---|---|---|---|---|---|
r-devel-linux-x86_64-debian-clang | 0.1.4 | OK | ||||
r-devel-linux-x86_64-debian-gcc | 0.1.4 | 2.94 | 96.14 | 99.08 | OK | |
r-devel-linux-x86_64-fedora-clang | 0.1.4 | 169.86 | NOTE | |||
r-devel-linux-x86_64-fedora-gcc | 0.1.4 | 163.34 | OK | |||
r-patched-linux-x86_64 | 0.1.4 | 2.98 | 123.75 | 126.73 | OK | |
r-release-linux-x86_64 | 0.1.4 | 3.25 | 123.62 | 126.87 | OK | |
r-release-macos-arm64 | 0.1.4 | 49.00 | NOTE | |||
r-release-macos-x86_64 | 0.1.4 | 65.00 | NOTE | |||
r-release-windows-x86_64 | 0.1.4 | 38.00 | 162.00 | 200.00 | NOTE | |
r-oldrel-macos-arm64 | 0.1.4 | 55.00 | NOTE | |||
r-oldrel-macos-x86_64 | 0.1.4 | 78.00 | NOTE | |||
r-oldrel-windows-ix86+x86_64 | 0.1.4 | 8.00 | 164.00 | 172.00 | NOTE |
Version: 0.1.4
Check: installed package size
Result: NOTE
installed size is 5.6Mb
sub-directories of 1Mb or more:
doc 4.7Mb
Flavors: r-devel-linux-x86_64-fedora-clang, r-release-macos-arm64, r-release-macos-x86_64, r-release-windows-x86_64, r-oldrel-macos-arm64, r-oldrel-macos-x86_64, r-oldrel-windows-ix86+x86_64
Version: 0.1.4
Check: dependencies in R code
Result: NOTE
Initiating curl with CURL_SSL_BACKEND: openssl
Flavor: r-oldrel-windows-ix86+x86_64