Last updated on 2023-03-31 10:51:21 CEST.
Flavor | Version | Tinstall | Tcheck | Ttotal | Status | Flags |
---|---|---|---|---|---|---|
r-devel-linux-x86_64-debian-clang | 0.1.0 | 3.33 | 28.68 | 32.01 | NOTE | |
r-devel-linux-x86_64-debian-gcc | 0.1.0 | 2.31 | 22.74 | 25.05 | NOTE | |
r-devel-linux-x86_64-fedora-clang | 0.1.0 | 40.49 | NOTE | |||
r-devel-linux-x86_64-fedora-gcc | 0.1.0 | 38.10 | NOTE | |||
r-devel-windows-x86_64 | 0.1.0 | 12.00 | 0.00 | 12.00 | NOTE | |
r-patched-linux-x86_64 | 0.1.0 | 2.74 | 27.58 | 30.32 | NOTE | |
r-release-linux-x86_64 | 0.1.0 | 3.25 | 28.71 | 31.96 | NOTE | |
r-release-macos-arm64 | 0.1.0 | 16.00 | NOTE | |||
r-release-macos-x86_64 | 0.1.0 | 22.00 | NOTE | |||
r-release-windows-x86_64 | 0.1.0 | 11.00 | 57.00 | 68.00 | NOTE | |
r-oldrel-macos-arm64 | 0.1.0 | 19.00 | NOTE | |||
r-oldrel-macos-x86_64 | 0.1.0 | 27.00 | NOTE | |||
r-oldrel-windows-ix86+x86_64 | 0.1.0 | 8.00 | 56.00 | 64.00 | NOTE |
Version: 0.1.0
Check: LazyData
Result: NOTE
'LazyData' is specified without a 'data' directory
Flavors: r-devel-linux-x86_64-debian-clang, r-devel-linux-x86_64-debian-gcc, r-devel-linux-x86_64-fedora-clang, r-devel-linux-x86_64-fedora-gcc, r-devel-windows-x86_64, r-patched-linux-x86_64, r-release-linux-x86_64, r-release-macos-arm64, r-release-macos-x86_64, r-release-windows-x86_64, r-oldrel-macos-arm64, r-oldrel-macos-x86_64, r-oldrel-windows-ix86+x86_64