CRAN Package Check Results for Package kindisperse

Last updated on 2022-12-06 10:51:54 CET.

Flavor Version Tinstall Tcheck Ttotal Status Flags
r-devel-linux-x86_64-debian-clang 0.10.2 16.24 140.05 156.29 OK
r-devel-linux-x86_64-debian-gcc 0.10.2 12.50 103.13 115.63 OK
r-devel-linux-x86_64-fedora-clang 0.10.2 198.62 NOTE
r-devel-linux-x86_64-fedora-gcc 0.10.2 205.70 NOTE
r-devel-windows-x86_64 0.10.2 172.00 188.00 360.00 OK
r-patched-linux-x86_64 0.10.2 16.24 131.62 147.86 OK
r-release-linux-x86_64 0.10.2 14.99 133.28 148.27 OK
r-release-macos-arm64 0.10.2 52.00 NOTE
r-release-macos-x86_64 0.10.2 89.00 NOTE
r-release-windows-x86_64 0.10.2 193.00 185.00 378.00 OK
r-oldrel-macos-arm64 0.10.2 56.00 NOTE
r-oldrel-macos-x86_64 0.10.2 69.00 NOTE
r-oldrel-windows-ix86+x86_64 0.10.2 34.00 174.00 208.00 OK

Check Details

Version: 0.10.2
Check: dependencies in R code
Result: NOTE
    Namespaces in Imports field not imported from:
     ‘fitdistrplus’ ‘plotly’
     All declared Imports should be used.
Flavors: r-devel-linux-x86_64-fedora-clang, r-devel-linux-x86_64-fedora-gcc, r-release-macos-arm64, r-release-macos-x86_64, r-oldrel-macos-arm64, r-oldrel-macos-x86_64