CRAN Package Check Results for Package keyToEnglish

Last updated on 2022-11-28 09:50:48 CET.

Flavor Version Tinstall Tcheck Ttotal Status Flags
r-devel-linux-x86_64-debian-clang 0.2.1 2.99 27.11 30.10 NOTE
r-devel-linux-x86_64-debian-gcc 0.2.1 2.35 21.40 23.75 NOTE
r-devel-linux-x86_64-fedora-clang 0.2.1 48.60 NOTE
r-devel-linux-x86_64-fedora-gcc 0.2.1 49.29 NOTE
r-devel-windows-x86_64 0.2.1 37.00 61.00 98.00 NOTE
r-patched-linux-x86_64 0.2.1 1.95 25.96 27.91 OK
r-release-linux-x86_64 0.2.1 2.81 26.32 29.13 OK
r-release-macos-arm64 0.2.1 18.00 OK
r-release-macos-x86_64 0.2.1 22.00 OK
r-release-windows-x86_64 0.2.1 54.00 56.00 110.00 OK
r-oldrel-macos-arm64 0.2.1 22.00 OK
r-oldrel-macos-x86_64 0.2.1 30.00 OK
r-oldrel-windows-ix86+x86_64 0.2.1 6.00 49.00 55.00 OK

Check Details

Version: 0.2.1
Check: package subdirectories
Result: NOTE
    Problems with news in 'NEWS.md':
     Cannot extract version info from the following section titles:
     Minor Changes
Flavors: r-devel-linux-x86_64-debian-clang, r-devel-linux-x86_64-debian-gcc, r-devel-linux-x86_64-fedora-clang, r-devel-linux-x86_64-fedora-gcc, r-devel-windows-x86_64