CRAN Package Check Results for Package keyATM

Last updated on 2023-02-01 10:51:51 CET.

Flavor Version Tinstall Tcheck Ttotal Status Flags
r-devel-linux-x86_64-debian-clang 0.4.2 231.76 167.71 399.47 NOTE
r-devel-linux-x86_64-debian-gcc 0.4.2 182.29 131.38 313.67 NOTE
r-devel-linux-x86_64-fedora-clang 0.4.2 622.60 NOTE
r-devel-linux-x86_64-fedora-gcc 0.4.2 591.85 NOTE
r-devel-windows-x86_64 0.4.2 201.00 240.00 441.00 NOTE
r-patched-linux-x86_64 0.4.2 199.75 184.48 384.23 OK
r-release-linux-x86_64 0.4.2 197.50 149.25 346.75 OK
r-release-macos-arm64 0.4.2 151.00 NOTE
r-release-macos-x86_64 0.4.2 173.00 NOTE
r-release-windows-x86_64 0.4.2 187.00 244.00 431.00 OK
r-oldrel-macos-arm64 0.4.2 147.00 NOTE
r-oldrel-macos-x86_64 0.4.2 175.00 NOTE
r-oldrel-windows-ix86+x86_64 0.4.2 565.00 367.00 932.00 OK

Check Details

Version: 0.4.2
Check: C++ specification
Result: NOTE
     Specified C++11: please update to current default of C++17
Flavors: r-devel-linux-x86_64-debian-clang, r-devel-linux-x86_64-debian-gcc, r-devel-linux-x86_64-fedora-clang, r-devel-linux-x86_64-fedora-gcc, r-devel-windows-x86_64

Version: 0.4.2
Check: installed package size
Result: NOTE
     installed size is 12.0Mb
     sub-directories of 1Mb or more:
     libs 11.6Mb
Flavors: r-release-macos-arm64, r-release-macos-x86_64, r-oldrel-macos-arm64, r-oldrel-macos-x86_64