Last updated on 2023-03-25 09:51:29 CET.
Flavor | Version | Tinstall | Tcheck | Ttotal | Status | Flags |
---|---|---|---|---|---|---|
r-devel-linux-x86_64-debian-clang | 0.1.0 | 6.17 | 61.55 | 67.72 | NOTE | |
r-devel-linux-x86_64-debian-gcc | 0.1.0 | 4.97 | 47.08 | 52.05 | NOTE | |
r-devel-linux-x86_64-fedora-clang | 0.1.0 | 87.84 | NOTE | |||
r-devel-linux-x86_64-fedora-gcc | 0.1.0 | 79.40 | NOTE | |||
r-patched-linux-x86_64 | 0.1.0 | 5.72 | 60.33 | 66.05 | NOTE | |
r-release-linux-x86_64 | 0.1.0 | 4.85 | 59.77 | 64.62 | NOTE | |
r-release-macos-arm64 | 0.1.0 | 26.00 | NOTE | |||
r-release-macos-x86_64 | 0.1.0 | 38.00 | NOTE | |||
r-release-windows-x86_64 | 0.1.0 | 19.00 | 97.00 | 116.00 | NOTE | |
r-oldrel-macos-arm64 | 0.1.0 | 36.00 | NOTE | |||
r-oldrel-macos-x86_64 | 0.1.0 | 50.00 | NOTE | |||
r-oldrel-windows-ix86+x86_64 | 0.1.0 | 14.00 | 94.00 | 108.00 | NOTE |
Version: 0.1.0
Check: LazyData
Result: NOTE
'LazyData' is specified without a 'data' directory
Flavors: r-devel-linux-x86_64-debian-clang, r-devel-linux-x86_64-debian-gcc, r-devel-linux-x86_64-fedora-clang, r-devel-linux-x86_64-fedora-gcc, r-patched-linux-x86_64, r-release-linux-x86_64, r-release-macos-arm64, r-release-macos-x86_64, r-release-windows-x86_64, r-oldrel-macos-arm64, r-oldrel-macos-x86_64, r-oldrel-windows-ix86+x86_64