CRAN Package Check Results for Package kernelPhil

Last updated on 2022-11-29 09:52:17 CET.

Flavor Version Tinstall Tcheck Ttotal Status Flags
r-devel-linux-x86_64-debian-clang 0.1 6.54 71.72 78.26 NOTE
r-devel-linux-x86_64-debian-gcc 0.1 3.96 54.30 58.26 NOTE
r-devel-linux-x86_64-fedora-clang 0.1 112.40 NOTE
r-devel-linux-x86_64-fedora-gcc 0.1 110.39 NOTE
r-devel-windows-x86_64 0.1 14.00 103.00 117.00 NOTE
r-patched-linux-x86_64 0.1 6.16 68.40 74.56 NOTE
r-release-linux-x86_64 0.1 4.31 67.62 71.93 NOTE
r-release-macos-arm64 0.1 31.00 NOTE
r-release-macos-x86_64 0.1 51.00 NOTE
r-release-windows-x86_64 0.1 28.00 99.00 127.00 NOTE
r-oldrel-macos-arm64 0.1 35.00 NOTE
r-oldrel-macos-x86_64 0.1 56.00 NOTE
r-oldrel-windows-ix86+x86_64 0.1 17.00 95.00 112.00 NOTE

Check Details

Version: 0.1
Check: LazyData
Result: NOTE
     'LazyData' is specified without a 'data' directory
Flavors: r-devel-linux-x86_64-debian-clang, r-devel-linux-x86_64-debian-gcc, r-devel-linux-x86_64-fedora-clang, r-devel-linux-x86_64-fedora-gcc, r-devel-windows-x86_64, r-patched-linux-x86_64, r-release-linux-x86_64, r-release-macos-arm64, r-release-macos-x86_64, r-release-windows-x86_64, r-oldrel-macos-arm64, r-oldrel-macos-x86_64, r-oldrel-windows-ix86+x86_64