CRAN Package Check Results for Package kerastuneR

Last updated on 2022-11-29 09:52:17 CET.

Flavor Version Tinstall Tcheck Ttotal Status Flags
r-devel-linux-x86_64-debian-clang 0.1.0.5 12.41 129.87 142.28 OK
r-devel-linux-x86_64-debian-gcc 0.1.0.5 11.75 98.52 110.27 OK
r-devel-linux-x86_64-fedora-clang 0.1.0.5 187.64 NOTE
r-devel-linux-x86_64-fedora-gcc 0.1.0.5 192.80 NOTE
r-devel-windows-x86_64 0.1.0.5 30.00 165.00 195.00 OK
r-patched-linux-x86_64 0.1.0.5 12.43 122.59 135.02 OK
r-release-linux-x86_64 0.1.0.5 9.11 120.57 129.68 OK
r-release-macos-arm64 0.1.0.5 51.00 NOTE
r-release-macos-x86_64 0.1.0.5 86.00 NOTE
r-release-windows-x86_64 0.1.0.5 32.00 172.00 204.00 OK
r-oldrel-macos-arm64 0.1.0.5 40.00 NOTE
r-oldrel-macos-x86_64 0.1.0.5 67.00 NOTE
r-oldrel-windows-ix86+x86_64 0.1.0.5 34.00 151.00 185.00 OK

Check Details

Version: 0.1.0.5
Check: dependencies in R code
Result: NOTE
    Namespace in Imports field not imported from: ‘keras’
     All declared Imports should be used.
Flavors: r-devel-linux-x86_64-fedora-clang, r-devel-linux-x86_64-fedora-gcc, r-release-macos-arm64, r-release-macos-x86_64, r-oldrel-macos-arm64, r-oldrel-macos-x86_64