CRAN Package Check Results for Package kendallRandomWalks

Last updated on 2022-12-09 10:00:25 CET.

Flavor Version Tinstall Tcheck Ttotal Status Flags
r-devel-linux-x86_64-debian-clang 0.9.4 6.80 189.39 196.19 NOTE
r-devel-linux-x86_64-debian-gcc 0.9.4 4.80 133.98 138.78 NOTE
r-devel-linux-x86_64-fedora-clang 0.9.4 244.05 NOTE
r-devel-linux-x86_64-fedora-gcc 0.9.4 253.88 NOTE
r-devel-windows-x86_64 0.9.4 160.00 198.00 358.00 NOTE
r-patched-linux-x86_64 0.9.4 5.21 181.19 186.40 NOTE
r-release-linux-x86_64 0.9.4 6.41 181.33 187.74 NOTE
r-release-macos-arm64 0.9.4 52.00 NOTE
r-release-macos-x86_64 0.9.4 97.00 NOTE
r-release-windows-x86_64 0.9.4 181.00 198.00 379.00 NOTE
r-oldrel-macos-arm64 0.9.4 66.00 NOTE
r-oldrel-macos-x86_64 0.9.4 106.00 NOTE
r-oldrel-windows-ix86+x86_64 0.9.4 17.00 198.00 215.00 NOTE

Check Details

Version: 0.9.4
Check: LazyData
Result: NOTE
     'LazyData' is specified without a 'data' directory
Flavors: r-devel-linux-x86_64-debian-clang, r-devel-linux-x86_64-debian-gcc, r-devel-linux-x86_64-fedora-clang, r-devel-linux-x86_64-fedora-gcc, r-devel-windows-x86_64, r-patched-linux-x86_64, r-release-linux-x86_64, r-release-macos-arm64, r-release-macos-x86_64, r-release-windows-x86_64, r-oldrel-macos-arm64, r-oldrel-macos-x86_64, r-oldrel-windows-ix86+x86_64