CRAN Package Check Results for Package kdetrees

Last updated on 2021-11-30 10:51:10 CET.

Flavor Version Tinstall Tcheck Ttotal Status Flags
r-devel-linux-x86_64-debian-clang 0.1.5 5.16 67.91 73.07 NOTE
r-devel-linux-x86_64-debian-gcc 0.1.5 3.86 52.05 55.91 NOTE
r-devel-linux-x86_64-fedora-clang 0.1.5 105.95 NOTE
r-devel-linux-x86_64-fedora-gcc 0.1.5 87.53 NOTE
r-devel-windows-x86_64-new-UL 0.1.5 14.00 138.00 152.00 NOTE
r-devel-windows-x86_64-new-TK 0.1.5 NOTE
r-devel-windows-x86_64-old 0.1.5 9.00 75.00 84.00 NOTE
r-patched-linux-x86_64 0.1.5 5.23 64.15 69.38 NOTE
r-patched-solaris-x86 0.1.5 136.40 NOTE
r-release-linux-x86_64 0.1.5 5.08 64.37 69.45 NOTE
r-release-macos-arm64 0.1.5 NOTE
r-release-macos-x86_64 0.1.5 NOTE
r-release-windows-ix86+x86_64 0.1.5 14.00 73.00 87.00 NOTE
r-oldrel-macos-x86_64 0.1.5 NOTE
r-oldrel-windows-ix86+x86_64 0.1.5 12.00 70.00 82.00 NOTE

Check Details

Version: 0.1.5
Check: R code for possible problems
Result: NOTE
    as.matrix.multiPhylo : tip2tip: no visible global function definition
     for 'cophenetic'
    bw.nn : <anonymous>: no visible global function definition for
     'quantile'
    dist.diss: no visible binding for global variable 'median'
    dist.diss: no visible global function definition for 'dist'
    hist.kdetrees: no visible binding for global variable 'density'
    kdetrees : cutoff: no visible global function definition for 'quantile'
    kdetrees.complete: no visible global function definition for 'hist'
    kdetrees.complete: no visible global function definition for
     'write.csv'
    plot.kdetrees: no visible binding for global variable 'density'
    Undefined global functions or variables:
     cophenetic density dist hist median quantile write.csv
    Consider adding
     importFrom("graphics", "hist")
     importFrom("stats", "cophenetic", "density", "dist", "median",
     "quantile")
     importFrom("utils", "write.csv")
    to your NAMESPACE file.
Flavors: r-devel-linux-x86_64-debian-clang, r-devel-linux-x86_64-debian-gcc, r-devel-linux-x86_64-fedora-clang, r-devel-linux-x86_64-fedora-gcc, r-devel-windows-x86_64-new-UL, r-devel-windows-x86_64-new-TK, r-devel-windows-x86_64-old, r-patched-linux-x86_64, r-patched-solaris-x86, r-release-linux-x86_64, r-release-macos-arm64, r-release-macos-x86_64, r-release-windows-ix86+x86_64, r-oldrel-macos-x86_64, r-oldrel-windows-ix86+x86_64