CRAN Package Check Results for Package kde1d

Last updated on 2022-11-29 09:52:17 CET.

Flavor Version Tinstall Tcheck Ttotal Status Flags
r-devel-linux-x86_64-debian-clang 1.0.5 49.52 34.23 83.75 OK
r-devel-linux-x86_64-debian-gcc 1.0.5 39.43 27.76 67.19 OK
r-devel-linux-x86_64-fedora-clang 1.0.5 119.01 OK
r-devel-linux-x86_64-fedora-gcc 1.0.5 126.16 OK
r-devel-windows-x86_64 1.0.5 44.00 87.00 131.00 OK
r-patched-linux-x86_64 1.0.5 43.73 34.03 77.76 OK
r-release-linux-x86_64 1.0.5 39.97 33.83 73.80 OK
r-release-macos-arm64 1.0.5 37.00 NOTE
r-release-macos-x86_64 1.0.5 47.00 NOTE
r-release-windows-x86_64 1.0.5 54.00 89.00 143.00 OK
r-oldrel-macos-arm64 1.0.5 36.00 NOTE
r-oldrel-macos-x86_64 1.0.5 51.00 NOTE
r-oldrel-windows-ix86+x86_64 1.0.5 105.00 90.00 195.00 OK

Check Details

Version: 1.0.5
Check: installed package size
Result: NOTE
     installed size is 15.9Mb
     sub-directories of 1Mb or more:
     libs 15.8Mb
Flavors: r-release-macos-arm64, r-release-macos-x86_64, r-oldrel-macos-arm64, r-oldrel-macos-x86_64