CRAN Package Check Results for Package kappalab

Last updated on 2022-12-05 09:51:21 CET.

Flavor Version Tinstall Tcheck Ttotal Status Flags
r-devel-linux-x86_64-debian-clang 0.4-8 18.80 118.30 137.10 OK
r-devel-linux-x86_64-debian-gcc 0.4-8 12.81 89.55 102.36 WARN
r-devel-linux-x86_64-fedora-clang 0.4-8 183.50 WARN
r-devel-linux-x86_64-fedora-gcc 0.4-8 172.05 WARN
r-devel-windows-x86_64 0.4-8 98.00 153.00 251.00 OK
r-patched-linux-x86_64 0.4-8 15.28 109.69 124.97 OK
r-release-linux-x86_64 0.4-8 13.97 110.49 124.46 OK
r-release-macos-arm64 0.4-8 55.00 OK
r-release-macos-x86_64 0.4-8 71.00 OK
r-release-windows-x86_64 0.4-8 78.00 169.00 247.00 OK
r-oldrel-macos-arm64 0.4-8 56.00 OK
r-oldrel-macos-x86_64 0.4-8 71.00 OK
r-oldrel-windows-ix86+x86_64 0.4-8 37.00 209.00 246.00 OK

Check Details

Version: 0.4-8
Check: compiled code
Result: WARN
    File ‘kappalab/libs/kappalab.so’:
     Found ‘__sprintf_chk’, possibly from ‘sprintf’ (C)
     Object: ‘core.o’
    
    Compiled code should not call entry points which might terminate R nor
    write to stdout/stderr instead of to the console, nor use Fortran I/O
    nor system RNGs nor [v]sprintf.
    
    See ‘Writing portable packages’ in the ‘Writing R Extensions’ manual.
Flavor: r-devel-linux-x86_64-debian-gcc

Version: 0.4-8
Check: compiled code
Result: WARN
    File ‘kappalab/libs/kappalab.so’:
     Found ‘sprintf’, possibly from ‘sprintf’ (C)
     Object: ‘core.o’
    File ‘kappalab/libs/kappalab.so’:
     Found no calls to: ‘R_registerRoutines’, ‘R_useDynamicSymbols’
    
    Compiled code should not call entry points which might terminate R nor
    write to stdout/stderr instead of to the console, nor use Fortran I/O
    nor system RNGs nor [v]sprintf.
    It is good practice to register native routines and to disable symbol
    search.
    
    See ‘Writing portable packages’ in the ‘Writing R Extensions’ manual.
Flavor: r-devel-linux-x86_64-fedora-clang

Version: 0.4-8
Check: compiled code
Result: WARN
    File ‘kappalab/libs/kappalab.so’:
     Found ‘__sprintf_chk’, possibly from ‘sprintf’ (C)
     Object: ‘core.o’
    File ‘kappalab/libs/kappalab.so’:
     Found no calls to: ‘R_registerRoutines’, ‘R_useDynamicSymbols’
    
    Compiled code should not call entry points which might terminate R nor
    write to stdout/stderr instead of to the console, nor use Fortran I/O
    nor system RNGs nor [v]sprintf.
    It is good practice to register native routines and to disable symbol
    search.
    
    See ‘Writing portable packages’ in the ‘Writing R Extensions’ manual.
Flavor: r-devel-linux-x86_64-fedora-gcc