CRAN Package Check Results for Package kappalab

Last updated on 2024-04-23 10:54:06 CEST.

Flavor Version Tinstall Tcheck Ttotal Status Flags
r-devel-linux-x86_64-debian-clang 0.4-12 16.37 119.32 135.69 OK
r-devel-linux-x86_64-debian-gcc 0.4-12 13.34 87.17 100.51 OK
r-devel-linux-x86_64-fedora-clang 0.4-12 164.70 NOTE
r-devel-linux-x86_64-fedora-gcc 0.4-12 159.91 NOTE
r-prerel-macos-arm64 0.4-12 46.00 OK
r-prerel-windows-x86_64 0.4-12 18.00 112.00 130.00 OK
r-patched-linux-x86_64 0.4-12 14.90 115.59 130.49 OK
r-release-linux-x86_64 0.4-12 13.24 115.63 128.87 OK
r-release-macos-arm64 0.4-12 55.00 OK
r-release-macos-x86_64 0.4-12 152.00 OK
r-release-windows-x86_64 0.4-12 21.00 142.00 163.00 OK
r-oldrel-macos-arm64 0.4-12 58.00 OK
r-oldrel-windows-x86_64 0.4-12 23.00 147.00 170.00 OK

Check Details

Version: 0.4-12
Check: compiled code
Result: NOTE File ‘kappalab/libs/kappalab.so’: Found no calls to: ‘R_registerRoutines’, ‘R_useDynamicSymbols’ It is good practice to register native routines and to disable symbol search. See ‘Writing portable packages’ in the ‘Writing R Extensions’ manual. Flavors: r-devel-linux-x86_64-fedora-clang, r-devel-linux-x86_64-fedora-gcc