CRAN Package Check Results for Package kangar00

Last updated on 2022-01-16 10:48:35 CET.

Flavor Version Tinstall Tcheck Ttotal Status Flags
r-devel-linux-x86_64-debian-clang 1.4 28.71 251.04 279.75 OK
r-devel-linux-x86_64-debian-gcc 1.4 27.82 190.74 218.56 OK
r-devel-linux-x86_64-fedora-clang 1.4 344.99 OK
r-devel-linux-x86_64-fedora-gcc 1.4 350.48 OK
r-devel-windows-x86_64-new-UL 1.4 80.00 251.00 331.00 OK
r-devel-windows-x86_64-new-TK 1.4 OK
r-patched-linux-x86_64 1.4 28.12 244.20 272.32 OK
r-release-linux-x86_64 1.4 OK
r-release-macos-arm64 1.4 OK
r-release-macos-x86_64 1.4 OK
r-release-windows-ix86+x86_64 1.4 66.00 278.00 344.00 OK
r-oldrel-macos-x86_64 1.4 ERROR
r-oldrel-windows-ix86+x86_64 1.4 65.00 281.00 346.00 OK

Check Details

Version: 1.4
Check: package dependencies
Result: ERROR
    Package required but not available: ‘KEGGgraph’
    
    See section ‘The DESCRIPTION file’ in the ‘Writing R Extensions’
    manual.
Flavor: r-oldrel-macos-x86_64