Last updated on 2023-06-05 09:54:04 CEST.
Flavor | Version | Tinstall | Tcheck | Ttotal | Status | Flags |
---|---|---|---|---|---|---|
r-devel-linux-x86_64-debian-clang | 0.3.3 | 7.60 | 95.43 | 103.03 | NOTE | |
r-devel-linux-x86_64-debian-gcc | 0.3.3 | 6.98 | 70.88 | 77.86 | NOTE | |
r-devel-linux-x86_64-fedora-clang | 0.3.3 | 130.11 | NOTE | |||
r-devel-linux-x86_64-fedora-gcc | 0.3.3 | 133.75 | NOTE | |||
r-devel-windows-x86_64 | 0.3.3 | 11.00 | 134.00 | 145.00 | NOTE | |
r-patched-linux-x86_64 | 0.3.3 | 5.79 | 88.23 | 94.02 | NOTE | |
r-release-linux-x86_64 | 0.3.3 | 9.79 | 89.53 | 99.32 | NOTE | |
r-release-macos-arm64 | 0.3.3 | 47.00 | NOTE | |||
r-release-macos-x86_64 | 0.3.3 | 83.00 | NOTE | |||
r-release-windows-x86_64 | 0.3.3 | 12.00 | 146.00 | 158.00 | NOTE | |
r-oldrel-macos-arm64 | 0.3.3 | 42.00 | NOTE | |||
r-oldrel-macos-x86_64 | 0.3.3 | 88.00 | NOTE | |||
r-oldrel-windows-x86_64 | 0.3.3 | 11.00 | 140.00 | 151.00 | NOTE |
Version: 0.3.3
Check: LazyData
Result: NOTE
'LazyData' is specified without a 'data' directory
Flavors: r-devel-linux-x86_64-debian-clang, r-devel-linux-x86_64-debian-gcc, r-devel-linux-x86_64-fedora-clang, r-devel-linux-x86_64-fedora-gcc, r-devel-windows-x86_64, r-patched-linux-x86_64, r-release-linux-x86_64, r-release-macos-arm64, r-release-macos-x86_64, r-release-windows-x86_64, r-oldrel-macos-arm64, r-oldrel-macos-x86_64, r-oldrel-windows-x86_64