CRAN Package Check Results for Package jpmesh

Last updated on 2022-01-21 10:54:00 CET.

Flavor Version Tinstall Tcheck Ttotal Status Flags
r-devel-linux-x86_64-debian-clang 2.1.0 10.50 185.64 196.14 OK
r-devel-linux-x86_64-debian-gcc 2.1.0 9.63 140.38 150.01 OK
r-devel-linux-x86_64-fedora-clang 2.1.0 239.51 NOTE
r-devel-linux-x86_64-fedora-gcc 2.1.0 219.66 NOTE
r-devel-windows-x86_64-new-UL 2.1.0 60.00 219.00 279.00 OK
r-devel-windows-x86_64-new-TK 2.1.0 NOTE
r-patched-linux-x86_64 2.1.0 9.58 177.79 187.37 OK
r-release-linux-x86_64 2.1.0 10.62 178.20 188.82 OK
r-release-macos-arm64 2.1.0 NOTE
r-release-macos-x86_64 2.1.0 NOTE
r-release-windows-ix86+x86_64 2.1.0 25.00 212.00 237.00 OK
r-oldrel-macos-x86_64 2.0.2 NOTE
r-oldrel-windows-ix86+x86_64 2.1.0 27.00 218.00 245.00 OK

Check Details

Version: 2.1.0
Check: data for non-ASCII characters
Result: NOTE
     Note: found 176 marked UTF-8 strings
Flavors: r-devel-linux-x86_64-fedora-clang, r-devel-linux-x86_64-fedora-gcc, r-devel-windows-x86_64-new-TK, r-release-macos-arm64, r-release-macos-x86_64

Version: 2.0.2
Check: data for non-ASCII characters
Result: NOTE
     Note: found 176 marked UTF-8 strings
Flavor: r-oldrel-macos-x86_64