CRAN Package Check Results for Package jiebaR

Last updated on 2022-12-07 10:50:01 CET.

Flavor Version Tinstall Tcheck Ttotal Status Flags
r-devel-linux-x86_64-debian-clang 0.11 82.70 64.90 147.60 OK
r-devel-linux-x86_64-debian-gcc 0.11 61.10 51.96 113.06 OK
r-devel-linux-x86_64-fedora-clang 0.11 216.61 OK
r-devel-linux-x86_64-fedora-gcc 0.11 206.63 OK
r-devel-windows-x86_64 0.11 77.00 133.00 210.00 OK
r-patched-linux-x86_64 0.11 64.49 62.98 127.47 OK
r-release-linux-x86_64 0.11 61.20 63.79 124.99 OK
r-release-macos-arm64 0.11 55.00 NOTE
r-release-macos-x86_64 0.11 76.00 NOTE
r-release-windows-x86_64 0.11 86.00 127.00 213.00 OK
r-oldrel-macos-arm64 0.11 56.00 NOTE
r-oldrel-macos-x86_64 0.11 116.00 NOTE
r-oldrel-windows-ix86+x86_64 0.11 176.00 151.00 327.00 OK

Check Details

Version: 0.11
Check: installed package size
Result: NOTE
     installed size is 5.7Mb
     sub-directories of 1Mb or more:
     libs 5.2Mb
Flavors: r-release-macos-arm64, r-release-macos-x86_64, r-oldrel-macos-arm64, r-oldrel-macos-x86_64