CRAN Package Check Results for Package jcolors

Last updated on 2022-11-29 09:52:17 CET.

Flavor Version Tinstall Tcheck Ttotal Status Flags
r-devel-linux-x86_64-debian-clang 0.0.4 5.75 69.78 75.53 NOTE
r-devel-linux-x86_64-debian-gcc 0.0.4 3.16 52.01 55.17 NOTE
r-devel-linux-x86_64-fedora-clang 0.0.4 102.67 NOTE
r-devel-linux-x86_64-fedora-gcc 0.0.4 103.77 NOTE
r-devel-windows-x86_64 0.0.4 18.00 107.00 125.00 NOTE
r-patched-linux-x86_64 0.0.4 4.97 65.27 70.24 NOTE
r-release-linux-x86_64 0.0.4 6.05 64.37 70.42 NOTE
r-release-macos-arm64 0.0.4 35.00 NOTE
r-release-macos-x86_64 0.0.4 63.00 NOTE
r-release-windows-x86_64 0.0.4 20.00 102.00 122.00 NOTE
r-oldrel-macos-arm64 0.0.4 46.00 NOTE
r-oldrel-macos-x86_64 0.0.4 54.00 NOTE
r-oldrel-windows-ix86+x86_64 0.0.4 15.00 90.00 105.00 NOTE

Check Details

Version: 0.0.4
Check: LazyData
Result: NOTE
     'LazyData' is specified without a 'data' directory
Flavors: r-devel-linux-x86_64-debian-clang, r-devel-linux-x86_64-debian-gcc, r-devel-linux-x86_64-fedora-clang, r-devel-linux-x86_64-fedora-gcc, r-devel-windows-x86_64, r-patched-linux-x86_64, r-release-linux-x86_64, r-release-macos-arm64, r-release-macos-x86_64, r-release-windows-x86_64, r-oldrel-macos-arm64, r-oldrel-macos-x86_64, r-oldrel-windows-ix86+x86_64