CRAN Package Check Results for Package ivprobit

Last updated on 2022-11-28 09:50:48 CET.

Flavor Version Tinstall Tcheck Ttotal Status Flags
r-devel-linux-x86_64-debian-clang 1.1 2.23 22.83 25.06 OK
r-devel-linux-x86_64-debian-gcc 1.1 1.43 18.08 19.51 OK
r-devel-linux-x86_64-fedora-clang 1.1 41.62 NOTE
r-devel-linux-x86_64-fedora-gcc 1.1 42.23 NOTE
r-devel-windows-x86_64 1.1 16.00 48.00 64.00 OK
r-patched-linux-x86_64 1.1 1.48 22.74 24.22 OK
r-release-linux-x86_64 1.1 1.84 22.73 24.57 OK
r-release-macos-arm64 1.1 14.00 NOTE
r-release-macos-x86_64 1.1 22.00 NOTE
r-release-windows-x86_64 1.1 5.00 44.00 49.00 OK
r-oldrel-macos-arm64 1.1 15.00 NOTE
r-oldrel-macos-x86_64 1.1 24.00 NOTE
r-oldrel-windows-ix86+x86_64 1.1 4.00 27.00 31.00 OK

Check Details

Version: 1.1
Check: dependencies in R code
Result: NOTE
    Namespace in Imports field not imported from: ‘methods’
     All declared Imports should be used.
Flavors: r-devel-linux-x86_64-fedora-clang, r-devel-linux-x86_64-fedora-gcc, r-release-macos-arm64, r-release-macos-x86_64, r-oldrel-macos-arm64, r-oldrel-macos-x86_64