CRAN Package Check Results for Package ivdesc

Last updated on 2023-03-31 10:51:21 CEST.

Flavor Version Tinstall Tcheck Ttotal Status Flags
r-devel-linux-x86_64-debian-clang 1.1.1 6.50 50.73 57.23 OK
r-devel-linux-x86_64-debian-gcc 1.1.1 5.14 38.04 43.18 OK
r-devel-linux-x86_64-fedora-clang 1.1.1 70.06 NOTE
r-devel-linux-x86_64-fedora-gcc 1.1.1 66.65 OK
r-devel-windows-x86_64 1.1.1 8.00 0.00 8.00 OK
r-patched-linux-x86_64 1.1.1 4.99 48.11 53.10 OK
r-release-linux-x86_64 1.1.1 5.08 51.14 56.22 OK
r-release-macos-arm64 1.1.1 27.00 OK
r-release-macos-x86_64 1.1.1 36.00 OK
r-release-windows-x86_64 1.1.1 9.00 80.00 89.00 OK
r-oldrel-macos-arm64 1.1.1 29.00 OK
r-oldrel-macos-x86_64 1.1.1 39.00 OK
r-oldrel-windows-ix86+x86_64 1.1.1 16.00 85.00 101.00 OK

Check Details

Version: 1.1.1
Check: Rd cross-references
Result: NOTE
    Undeclared package ‘AER’ in Rd xrefs
Flavor: r-devel-linux-x86_64-fedora-clang