Last updated on 2023-09-21 10:55:23 CEST.
Flavor | Version | Tinstall | Tcheck | Ttotal | Status | Flags |
---|---|---|---|---|---|---|
r-devel-linux-x86_64-debian-clang | 1.9 | 7.13 | 54.70 | 61.83 | NOTE | |
r-devel-linux-x86_64-debian-gcc | 1.9 | 4.85 | 40.94 | 45.79 | NOTE | |
r-devel-linux-x86_64-fedora-clang | 1.9 | 74.73 | NOTE | |||
r-devel-linux-x86_64-fedora-gcc | 1.9 | 76.19 | NOTE | |||
r-devel-windows-x86_64 | 1.9 | 7.00 | 69.00 | 76.00 | OK | |
r-patched-linux-x86_64 | 1.9 | 4.65 | 52.50 | 57.15 | NOTE | |
r-release-linux-x86_64 | 1.9 | 6.02 | 51.74 | 57.76 | NOTE | |
r-release-macos-arm64 | 1.9 | 24.00 | OK | |||
r-release-macos-x86_64 | 1.9 | 51.00 | OK | |||
r-release-windows-x86_64 | 1.9 | 8.00 | 71.00 | 79.00 | OK | |
r-oldrel-macos-arm64 | 1.9 | 24.00 | OK | |||
r-oldrel-macos-x86_64 | 1.9 | 37.00 | OK | |||
r-oldrel-windows-x86_64 | 1.9 | 9.00 | 73.00 | 82.00 | OK |
Version: 1.9
Check: for non-standard things in the check directory
Result: NOTE
Found the following files/directories:
‘RMTplot.pdf’
Flavors: r-devel-linux-x86_64-debian-clang, r-devel-linux-x86_64-debian-gcc, r-devel-linux-x86_64-fedora-clang, r-devel-linux-x86_64-fedora-gcc, r-patched-linux-x86_64, r-release-linux-x86_64