Last updated on 2023-03-23 10:54:33 CET.
Flavor | Version | Tinstall | Tcheck | Ttotal | Status | Flags |
---|---|---|---|---|---|---|
r-devel-linux-x86_64-debian-clang | 0.5.19-1 | 158.28 | 60.27 | 218.55 | OK | |
r-devel-linux-x86_64-debian-gcc | 0.5.19-1 | 144.80 | 41.16 | 185.96 | OK | |
r-devel-linux-x86_64-fedora-clang | 0.5.19-1 | 350.10 | OK | |||
r-devel-linux-x86_64-fedora-gcc | 0.5.19-1 | 330.69 | OK | |||
r-patched-linux-x86_64 | 0.5.19-1 | 150.24 | 56.49 | 206.73 | OK | |
r-release-linux-x86_64 | 0.5.19-1 | 145.87 | 56.27 | 202.14 | OK | |
r-release-macos-arm64 | 0.5.19-1 | 65.00 | NOTE | |||
r-release-macos-x86_64 | 0.5.19-1 | 93.00 | NOTE | |||
r-release-windows-x86_64 | 0.5.19-1 | 261.00 | 122.00 | 383.00 | OK | |
r-oldrel-macos-arm64 | 0.5.19-1 | 70.00 | NOTE | |||
r-oldrel-macos-x86_64 | 0.5.19-1 | 96.00 | NOTE | |||
r-oldrel-windows-ix86+x86_64 | 0.5.19-1 | 310.00 | 113.00 | 423.00 | NOTE |
Version: 0.5.19-1
Check: installed package size
Result: NOTE
installed size is 14.0Mb
sub-directories of 1Mb or more:
doc 1.6Mb
libs 12.1Mb
Flavors: r-release-macos-arm64, r-release-macos-x86_64, r-oldrel-macos-arm64, r-oldrel-macos-x86_64, r-oldrel-windows-ix86+x86_64