CRAN Package Check Results for Package ipumsr

Last updated on 2021-12-08 10:51:50 CET.

Flavor Version Tinstall Tcheck Ttotal Status Flags
r-devel-linux-x86_64-debian-clang 0.4.5 12.02 160.88 172.90 NOTE
r-devel-linux-x86_64-debian-gcc 0.4.5 7.76 121.28 129.04 NOTE
r-devel-linux-x86_64-fedora-clang 0.4.5 191.24 NOTE
r-devel-linux-x86_64-fedora-gcc 0.4.5 163.11 NOTE
r-devel-windows-x86_64-new-UL 0.4.5 29.00 234.00 263.00 NOTE
r-devel-windows-x86_64-new-TK 0.4.5 NOTE
r-devel-windows-x86_64-old 0.4.5 21.00 196.00 217.00 NOTE
r-patched-linux-x86_64 0.4.5 12.42 164.48 176.90 NOTE
r-release-linux-x86_64 0.4.5 11.59 164.45 176.04 NOTE
r-release-macos-arm64 0.4.5 NOTE
r-release-macos-x86_64 0.4.5 NOTE
r-release-windows-ix86+x86_64 0.4.5 17.00 172.00 189.00 NOTE
r-oldrel-macos-x86_64 0.4.5 OK
r-oldrel-windows-ix86+x86_64 0.4.5 23.00 206.00 229.00 OK

Check Details

Version: 0.4.5
Check: LazyData
Result: NOTE
     'LazyData' is specified without a 'data' directory
Flavors: r-devel-linux-x86_64-debian-clang, r-devel-linux-x86_64-debian-gcc, r-devel-linux-x86_64-fedora-clang, r-devel-linux-x86_64-fedora-gcc, r-devel-windows-x86_64-new-UL, r-devel-windows-x86_64-new-TK, r-devel-windows-x86_64-old, r-patched-linux-x86_64, r-release-linux-x86_64, r-release-macos-arm64, r-release-macos-x86_64, r-release-windows-ix86+x86_64