CRAN Package Check Results for Package ips

Last updated on 2021-11-30 10:51:09 CET.

Flavor Version Tinstall Tcheck Ttotal Status Flags
r-devel-linux-x86_64-debian-clang 0.0.11 14.59 101.94 116.53 OK
r-devel-linux-x86_64-debian-gcc 0.0.11 13.07 79.30 92.37 OK
r-devel-linux-x86_64-fedora-clang 0.0.11 150.94 NOTE
r-devel-linux-x86_64-fedora-gcc 0.0.11 140.09 NOTE
r-devel-windows-x86_64-new-UL 0.0.11 26.00 145.00 171.00 OK
r-devel-windows-x86_64-new-TK 0.0.11 NOTE
r-devel-windows-x86_64-old 0.0.11 20.00 94.00 114.00 OK
r-patched-linux-x86_64 0.0.11 18.48 98.67 117.15 OK
r-patched-solaris-x86 0.0.11 195.50 NOTE
r-release-linux-x86_64 0.0.11 13.33 99.27 112.60 OK
r-release-macos-arm64 0.0.11 NOTE
r-release-macos-x86_64 0.0.11 NOTE
r-release-windows-ix86+x86_64 0.0.11 27.00 97.00 124.00 OK
r-oldrel-macos-x86_64 0.0.11 NOTE
r-oldrel-windows-ix86+x86_64 0.0.11 20.00 124.00 144.00 OK

Check Details

Version: 0.0.11
Check: dependencies in R code
Result: NOTE
    Namespace in Imports field not imported from: ‘seqinr’
     All declared Imports should be used.
Flavors: r-devel-linux-x86_64-fedora-clang, r-devel-linux-x86_64-fedora-gcc, r-devel-windows-x86_64-new-TK, r-patched-solaris-x86, r-release-macos-arm64, r-release-macos-x86_64, r-oldrel-macos-x86_64