CRAN Package Check Results for Package ipc

Last updated on 2022-12-07 10:50:01 CET.

Flavor Version Tinstall Tcheck Ttotal Status Flags
r-devel-linux-x86_64-debian-clang 0.1.3 9.21 34.27 43.48 NOTE
r-devel-linux-x86_64-debian-gcc 0.1.3 8.24 26.80 35.04 NOTE
r-devel-linux-x86_64-fedora-clang 0.1.3 66.44 NOTE
r-devel-linux-x86_64-fedora-gcc 0.1.3 76.63 NOTE
r-devel-windows-x86_64 0.1.3 22.00 81.00 103.00 NOTE
r-patched-linux-x86_64 0.1.3 9.07 32.71 41.78 NOTE
r-release-linux-x86_64 0.1.3 9.54 32.47 42.01 NOTE
r-release-macos-arm64 0.1.3 24.00 NOTE
r-release-macos-x86_64 0.1.3 43.00 NOTE
r-release-windows-x86_64 0.1.3 27.00 73.00 100.00 NOTE
r-oldrel-macos-arm64 0.1.3 27.00 NOTE
r-oldrel-macos-x86_64 0.1.3 48.00 NOTE
r-oldrel-windows-ix86+x86_64 0.1.3 16.00 71.00 87.00 NOTE

Check Details

Version: 0.1.3
Check: LazyData
Result: NOTE
     'LazyData' is specified without a 'data' directory
Flavors: r-devel-linux-x86_64-debian-clang, r-devel-linux-x86_64-debian-gcc, r-devel-linux-x86_64-fedora-clang, r-devel-linux-x86_64-fedora-gcc, r-devel-windows-x86_64, r-patched-linux-x86_64, r-release-linux-x86_64, r-release-macos-arm64, r-release-macos-x86_64, r-release-windows-x86_64, r-oldrel-macos-arm64, r-oldrel-macos-x86_64, r-oldrel-windows-ix86+x86_64