CRAN Package Check Results for Package insight

Last updated on 2022-09-28 09:54:21 CEST.

Flavor Version Tinstall Tcheck Ttotal Status Flags
r-devel-linux-x86_64-debian-clang 0.18.4 26.62 379.84 406.46 OK
r-devel-linux-x86_64-debian-gcc 0.18.4 19.34 271.87 291.21 OK
r-devel-linux-x86_64-fedora-clang 0.18.4 514.48 OK
r-devel-linux-x86_64-fedora-gcc 0.18.4 497.52 OK
r-devel-windows-x86_64 0.18.4 239.00 448.00 687.00 OK
r-patched-linux-x86_64 0.18.4 29.54 310.44 339.98 NOTE
r-release-linux-x86_64 0.18.4 26.38 348.73 375.11 NOTE
r-release-macos-arm64 0.18.4 111.00 OK
r-release-macos-x86_64 0.18.4 175.00 OK
r-release-windows-x86_64 0.18.4 274.00 430.00 704.00 OK
r-oldrel-macos-arm64 0.18.4 98.00 OK
r-oldrel-macos-x86_64 0.18.4 193.00 OK
r-oldrel-windows-ix86+x86_64 0.18.4 47.00 436.00 483.00 OK

Check Details

Version: 0.18.4
Check: package dependencies
Result: NOTE
    Package suggested but not available for checking: ‘blavaan’
Flavor: r-patched-linux-x86_64

Version: 0.18.4
Check: package dependencies
Result: NOTE
    Package suggested but not available for checking: ‘metaBMA’
Flavor: r-release-linux-x86_64