CRAN Package Check Results for Package insane

Last updated on 2022-11-29 09:52:16 CET.

Flavor Version Tinstall Tcheck Ttotal Status Flags
r-devel-linux-x86_64-debian-clang 0.1.0 9.30 80.95 90.25 NOTE
r-devel-linux-x86_64-debian-gcc 1.0.0 6.96 60.55 67.51 OK
r-devel-linux-x86_64-fedora-clang 1.0.0 124.20 OK
r-devel-linux-x86_64-fedora-gcc 1.0.0 131.49 OK
r-devel-windows-x86_64 1.0.0 15.00 113.00 128.00 OK
r-patched-linux-x86_64 1.0.0 6.74 77.07 83.81 OK
r-release-linux-x86_64 1.0.0 6.54 77.57 84.11 OK
r-release-macos-arm64 0.1.0 34.00 NOTE
r-release-macos-x86_64 1.0.0 46.00 OK
r-release-windows-x86_64 1.0.0 21.00 121.00 142.00 OK
r-oldrel-macos-arm64 0.1.0 44.00 NOTE
r-oldrel-macos-x86_64 1.0.0 52.00 OK
r-oldrel-windows-ix86+x86_64 1.0.0 24.00 110.00 134.00 OK

Check Details

Version: 0.1.0
Check: LazyData
Result: NOTE
     'LazyData' is specified without a 'data' directory
Flavors: r-devel-linux-x86_64-debian-clang, r-release-macos-arm64, r-oldrel-macos-arm64